{"id":14169,"date":"2023-05-08T09:24:58","date_gmt":"2023-05-08T12:24:58","guid":{"rendered":"https:\/\/brasilsemalergia.com.br\/loja_abbaa\/?post_type=product&#038;p=14169"},"modified":"2023-09-02T11:06:22","modified_gmt":"2023-09-02T14:06:22","slug":"capa-de-colchao-casal-queen-slim-tex","status":"publish","type":"product","link":"https:\/\/brasilsemalergia.com.br\/loja_abbaa\/produtos-para-alergicos\/noites-tranquilas-produtos-para-alergicos\/capa-de-colchao-casal-queen\/capa-de-colchao-casal-queen-slim-tex\/","title":{"rendered":"Capa de colch\u00e3o casal Queen Slim Tex"},"content":{"rendered":"<p><strong><u>BENEFICIOS<\/u><\/strong><\/p>\n<p>O uso das capas anti\u00e1caro s\u00e3o descritas no Consenso Mundial de Tratamento da Asma e Rinite com parte essencial no controle destas doen\u00e7as.<br \/>\nPor impedirem o contato com os \u00e1caros e seus dejetos, mant\u00e9m a alergia sob controle diminuindo o uso de medicamentos, proporcionando muito mais qualidade de vida com noites bem dormidas e melhor rendimento na escola e trabalho.<\/p>\n<p>&nbsp;<\/p>\n<p><strong><u>CARACTER\u00cdSTICAS<\/u><\/strong><\/p>\n<p>As Capas Anti\u00e1caro Slim Tex Alergoshop proporcionam toda a prote\u00e7\u00e3o necess\u00e1ria para evitar o contato com os \u00e1caros, respons\u00e1veis por 80% das alergias respirat\u00f3rias. S\u00e3o as \u00fanicas com tratamento externo antimicrobiano, o que as tornam mais higi\u00eanicas e com maior durabilidade. Ajudam a prevenir a asma, rinite e dermatites porque impedem a passagem dos \u00e1caros e seus dejetos acumulados nos colch\u00f5es e travesseiros.<\/p>\n<p>&nbsp;<\/p>\n<p>&nbsp;<\/p>\n<ul>\n<li>Confeccionadas em tecido misto (50 % poli\u00e9ster e 50% EVA com Membrana de P.U. )<\/li>\n<li>Imperme\u00e1vel\u00a0a passagem de \u00e1caros e seus dejetos<\/li>\n<li>Camada Dupla (Tecido e membrana de PVC anti\u00e1caro)<\/li>\n<li>Costura refor\u00e7ada e z\u00edper<\/li>\n<li>Tratamento antimicrobiano<\/li>\n<li>Pode ser lavada em m\u00e1quina<\/li>\n<li>Pode secar ao sol (at\u00e9 40\u00b0C)<\/li>\n<\/ul>\n<p><strong><u>\u00a0<\/u><\/strong><\/p>\n<p><strong><u>MODO DE USAR<\/u><\/strong><\/p>\n<p>Envolva o travesseiro com a capa e feche totalmente o z\u00edper, depois coloque a roupa de cama normalmente.<\/p>\n<p>&nbsp;<\/p>\n<p><strong><u>COMPOSI\u00c7\u00d5ES<\/u><\/strong><\/p>\n<p>O uso das capas anti\u00e1caro s\u00e3o descritas no Consenso Mundial de Tratamento da Asma e Rinite com parte essencial no controle destas doen\u00e7as.<br \/>\nPor impedirem o contato com os \u00e1caros e seus dejetos, mant\u00e9m a alergia sob controle diminuindo o uso de medicamentos, proporcionando muito mais qualidade de vida com noites bem dormidas e melhor rendimento na escola e trabalho.<\/p>\n<p>50% poli\u00e9ster e 50 % EVA com membrana de P.U<\/p>\n<p>&nbsp;<\/p>\n<p>&nbsp;<\/p>\n","protected":false},"excerpt":{"rendered":"<p>Capas Anti\u00e1caro de colch\u00e3o Casal Queen<\/p>\n","protected":false},"featured_media":14171,"comment_status":"open","ping_status":"closed","template":"","meta":[],"product_cat":[63,55,58,45],"product_tag":[],"class_list":{"0":"post-14169","1":"product","2":"type-product","3":"status-publish","4":"has-post-thumbnail","6":"product_cat-capa-de-colchao-casal-queen","7":"product_cat-noites-tranquilas","8":"product_cat-noites-tranquilas-produtos-para-alergicos","9":"product_cat-produtos-para-alergicos","11":"first","12":"outofstock","13":"shipping-taxable","14":"purchasable","15":"product-type-variable"},"yoast_head":"<!-- This site is optimized with the Yoast SEO plugin v22.7 - https:\/\/yoast.com\/wordpress\/plugins\/seo\/ -->\n<title>Capa de colch\u00e3o casal Queen Slim Tex - Loja Abbaa<\/title>\n<meta name=\"robots\" content=\"index, follow, max-snippet:-1, max-image-preview:large, max-video-preview:-1\" \/>\n<link rel=\"canonical\" href=\"https:\/\/brasilsemalergia.com.br\/loja_abbaa\/produtos-para-alergicos\/noites-tranquilas-produtos-para-alergicos\/capa-de-colchao-casal-queen\/capa-de-colchao-casal-queen-slim-tex\/\" \/>\n<meta property=\"og:locale\" content=\"pt_BR\" \/>\n<meta property=\"og:type\" content=\"article\" \/>\n<meta property=\"og:title\" content=\"Capa de colch\u00e3o casal Queen Slim Tex - Loja Abbaa\" \/>\n<meta property=\"og:description\" content=\"Capas Anti\u00e1caro de colch\u00e3o Casal Queen\" \/>\n<meta property=\"og:url\" content=\"https:\/\/brasilsemalergia.com.br\/loja_abbaa\/produtos-para-alergicos\/noites-tranquilas-produtos-para-alergicos\/capa-de-colchao-casal-queen\/capa-de-colchao-casal-queen-slim-tex\/\" \/>\n<meta property=\"og:site_name\" content=\"Loja Abbaa\" \/>\n<meta property=\"article:modified_time\" content=\"2023-09-02T14:06:22+00:00\" \/>\n<meta property=\"og:image\" content=\"https:\/\/brasilsemalergia.com.br\/loja_abbaa\/wp-content\/uploads\/2023\/05\/F9c046cda780272d1178e27ee1d25c74e8999a4d.jpg\" \/>\n\t<meta property=\"og:image:width\" content=\"300\" \/>\n\t<meta property=\"og:image:height\" content=\"300\" \/>\n\t<meta property=\"og:image:type\" content=\"image\/jpeg\" \/>\n<meta name=\"twitter:card\" content=\"summary_large_image\" \/>\n<meta name=\"twitter:label1\" content=\"Est. tempo de leitura\" \/>\n\t<meta name=\"twitter:data1\" content=\"2 minutos\" \/>\n<script type=\"application\/ld+json\" class=\"yoast-schema-graph\">{\"@context\":\"https:\/\/schema.org\",\"@graph\":[{\"@type\":\"WebPage\",\"@id\":\"https:\/\/brasilsemalergia.com.br\/loja_abbaa\/produtos-para-alergicos\/noites-tranquilas-produtos-para-alergicos\/capa-de-colchao-casal-queen\/capa-de-colchao-casal-queen-slim-tex\/\",\"url\":\"https:\/\/brasilsemalergia.com.br\/loja_abbaa\/produtos-para-alergicos\/noites-tranquilas-produtos-para-alergicos\/capa-de-colchao-casal-queen\/capa-de-colchao-casal-queen-slim-tex\/\",\"name\":\"Capa de colch\u00e3o casal Queen Slim Tex - Loja Abbaa\",\"isPartOf\":{\"@id\":\"https:\/\/brasilsemalergia.com.br\/loja_abbaa\/#website\"},\"primaryImageOfPage\":{\"@id\":\"https:\/\/brasilsemalergia.com.br\/loja_abbaa\/produtos-para-alergicos\/noites-tranquilas-produtos-para-alergicos\/capa-de-colchao-casal-queen\/capa-de-colchao-casal-queen-slim-tex\/#primaryimage\"},\"image\":{\"@id\":\"https:\/\/brasilsemalergia.com.br\/loja_abbaa\/produtos-para-alergicos\/noites-tranquilas-produtos-para-alergicos\/capa-de-colchao-casal-queen\/capa-de-colchao-casal-queen-slim-tex\/#primaryimage\"},\"thumbnailUrl\":\"https:\/\/brasilsemalergia.com.br\/loja_abbaa\/wp-content\/uploads\/2023\/05\/F9c046cda780272d1178e27ee1d25c74e8999a4d.jpg\",\"datePublished\":\"2023-05-08T12:24:58+00:00\",\"dateModified\":\"2023-09-02T14:06:22+00:00\",\"breadcrumb\":{\"@id\":\"https:\/\/brasilsemalergia.com.br\/loja_abbaa\/produtos-para-alergicos\/noites-tranquilas-produtos-para-alergicos\/capa-de-colchao-casal-queen\/capa-de-colchao-casal-queen-slim-tex\/#breadcrumb\"},\"inLanguage\":\"pt-BR\",\"potentialAction\":[{\"@type\":\"ReadAction\",\"target\":[\"https:\/\/brasilsemalergia.com.br\/loja_abbaa\/produtos-para-alergicos\/noites-tranquilas-produtos-para-alergicos\/capa-de-colchao-casal-queen\/capa-de-colchao-casal-queen-slim-tex\/\"]}]},{\"@type\":\"ImageObject\",\"inLanguage\":\"pt-BR\",\"@id\":\"https:\/\/brasilsemalergia.com.br\/loja_abbaa\/produtos-para-alergicos\/noites-tranquilas-produtos-para-alergicos\/capa-de-colchao-casal-queen\/capa-de-colchao-casal-queen-slim-tex\/#primaryimage\",\"url\":\"https:\/\/brasilsemalergia.com.br\/loja_abbaa\/wp-content\/uploads\/2023\/05\/F9c046cda780272d1178e27ee1d25c74e8999a4d.jpg\",\"contentUrl\":\"https:\/\/brasilsemalergia.com.br\/loja_abbaa\/wp-content\/uploads\/2023\/05\/F9c046cda780272d1178e27ee1d25c74e8999a4d.jpg\",\"width\":300,\"height\":300,\"caption\":\"Capa de colch\u00e3o casal Queen Slim Tex\"},{\"@type\":\"BreadcrumbList\",\"@id\":\"https:\/\/brasilsemalergia.com.br\/loja_abbaa\/produtos-para-alergicos\/noites-tranquilas-produtos-para-alergicos\/capa-de-colchao-casal-queen\/capa-de-colchao-casal-queen-slim-tex\/#breadcrumb\",\"itemListElement\":[{\"@type\":\"ListItem\",\"position\":1,\"name\":\"In\u00edcio\",\"item\":\"https:\/\/brasilsemalergia.com.br\/loja_abbaa\/\"},{\"@type\":\"ListItem\",\"position\":2,\"name\":\"Loja\",\"item\":\"https:\/\/brasilsemalergia.com.br\/loja_abbaa\/\"},{\"@type\":\"ListItem\",\"position\":3,\"name\":\"Capa de colch\u00e3o casal Queen Slim Tex\"}]},{\"@type\":\"WebSite\",\"@id\":\"https:\/\/brasilsemalergia.com.br\/loja_abbaa\/#website\",\"url\":\"https:\/\/brasilsemalergia.com.br\/loja_abbaa\/\",\"name\":\"Loja Abbaa\",\"description\":\"\",\"publisher\":{\"@id\":\"https:\/\/brasilsemalergia.com.br\/loja_abbaa\/#organization\"},\"potentialAction\":[{\"@type\":\"SearchAction\",\"target\":{\"@type\":\"EntryPoint\",\"urlTemplate\":\"https:\/\/brasilsemalergia.com.br\/loja_abbaa\/?s={search_term_string}\"},\"query-input\":\"required name=search_term_string\"}],\"inLanguage\":\"pt-BR\"},{\"@type\":\"Organization\",\"@id\":\"https:\/\/brasilsemalergia.com.br\/loja_abbaa\/#organization\",\"name\":\"Loja Abbaa\",\"url\":\"https:\/\/brasilsemalergia.com.br\/loja_abbaa\/\",\"logo\":{\"@type\":\"ImageObject\",\"inLanguage\":\"pt-BR\",\"@id\":\"https:\/\/brasilsemalergia.com.br\/loja_abbaa\/#\/schema\/logo\/image\/\",\"url\":\"https:\/\/brasilsemalergia.com.br\/loja_abbaa\/wp-content\/uploads\/2023\/03\/logo-hor-site.png\",\"contentUrl\":\"https:\/\/brasilsemalergia.com.br\/loja_abbaa\/wp-content\/uploads\/2023\/03\/logo-hor-site.png\",\"width\":440,\"height\":120,\"caption\":\"Loja Abbaa\"},\"image\":{\"@id\":\"https:\/\/brasilsemalergia.com.br\/loja_abbaa\/#\/schema\/logo\/image\/\"}}]}<\/script>\n<!-- \/ Yoast SEO plugin. -->","yoast_head_json":{"title":"Capa de colch\u00e3o casal Queen Slim Tex - Loja Abbaa","robots":{"index":"index","follow":"follow","max-snippet":"max-snippet:-1","max-image-preview":"max-image-preview:large","max-video-preview":"max-video-preview:-1"},"canonical":"https:\/\/brasilsemalergia.com.br\/loja_abbaa\/produtos-para-alergicos\/noites-tranquilas-produtos-para-alergicos\/capa-de-colchao-casal-queen\/capa-de-colchao-casal-queen-slim-tex\/","og_locale":"pt_BR","og_type":"article","og_title":"Capa de colch\u00e3o casal Queen Slim Tex - Loja Abbaa","og_description":"Capas Anti\u00e1caro de colch\u00e3o Casal Queen","og_url":"https:\/\/brasilsemalergia.com.br\/loja_abbaa\/produtos-para-alergicos\/noites-tranquilas-produtos-para-alergicos\/capa-de-colchao-casal-queen\/capa-de-colchao-casal-queen-slim-tex\/","og_site_name":"Loja Abbaa","article_modified_time":"2023-09-02T14:06:22+00:00","og_image":[{"width":300,"height":300,"url":"https:\/\/brasilsemalergia.com.br\/loja_abbaa\/wp-content\/uploads\/2023\/05\/F9c046cda780272d1178e27ee1d25c74e8999a4d.jpg","type":"image\/jpeg"}],"twitter_card":"summary_large_image","twitter_misc":{"Est. tempo de leitura":"2 minutos"},"schema":{"@context":"https:\/\/schema.org","@graph":[{"@type":"WebPage","@id":"https:\/\/brasilsemalergia.com.br\/loja_abbaa\/produtos-para-alergicos\/noites-tranquilas-produtos-para-alergicos\/capa-de-colchao-casal-queen\/capa-de-colchao-casal-queen-slim-tex\/","url":"https:\/\/brasilsemalergia.com.br\/loja_abbaa\/produtos-para-alergicos\/noites-tranquilas-produtos-para-alergicos\/capa-de-colchao-casal-queen\/capa-de-colchao-casal-queen-slim-tex\/","name":"Capa de colch\u00e3o casal Queen Slim Tex - Loja Abbaa","isPartOf":{"@id":"https:\/\/brasilsemalergia.com.br\/loja_abbaa\/#website"},"primaryImageOfPage":{"@id":"https:\/\/brasilsemalergia.com.br\/loja_abbaa\/produtos-para-alergicos\/noites-tranquilas-produtos-para-alergicos\/capa-de-colchao-casal-queen\/capa-de-colchao-casal-queen-slim-tex\/#primaryimage"},"image":{"@id":"https:\/\/brasilsemalergia.com.br\/loja_abbaa\/produtos-para-alergicos\/noites-tranquilas-produtos-para-alergicos\/capa-de-colchao-casal-queen\/capa-de-colchao-casal-queen-slim-tex\/#primaryimage"},"thumbnailUrl":"https:\/\/brasilsemalergia.com.br\/loja_abbaa\/wp-content\/uploads\/2023\/05\/F9c046cda780272d1178e27ee1d25c74e8999a4d.jpg","datePublished":"2023-05-08T12:24:58+00:00","dateModified":"2023-09-02T14:06:22+00:00","breadcrumb":{"@id":"https:\/\/brasilsemalergia.com.br\/loja_abbaa\/produtos-para-alergicos\/noites-tranquilas-produtos-para-alergicos\/capa-de-colchao-casal-queen\/capa-de-colchao-casal-queen-slim-tex\/#breadcrumb"},"inLanguage":"pt-BR","potentialAction":[{"@type":"ReadAction","target":["https:\/\/brasilsemalergia.com.br\/loja_abbaa\/produtos-para-alergicos\/noites-tranquilas-produtos-para-alergicos\/capa-de-colchao-casal-queen\/capa-de-colchao-casal-queen-slim-tex\/"]}]},{"@type":"ImageObject","inLanguage":"pt-BR","@id":"https:\/\/brasilsemalergia.com.br\/loja_abbaa\/produtos-para-alergicos\/noites-tranquilas-produtos-para-alergicos\/capa-de-colchao-casal-queen\/capa-de-colchao-casal-queen-slim-tex\/#primaryimage","url":"https:\/\/brasilsemalergia.com.br\/loja_abbaa\/wp-content\/uploads\/2023\/05\/F9c046cda780272d1178e27ee1d25c74e8999a4d.jpg","contentUrl":"https:\/\/brasilsemalergia.com.br\/loja_abbaa\/wp-content\/uploads\/2023\/05\/F9c046cda780272d1178e27ee1d25c74e8999a4d.jpg","width":300,"height":300,"caption":"Capa de colch\u00e3o casal Queen Slim Tex"},{"@type":"BreadcrumbList","@id":"https:\/\/brasilsemalergia.com.br\/loja_abbaa\/produtos-para-alergicos\/noites-tranquilas-produtos-para-alergicos\/capa-de-colchao-casal-queen\/capa-de-colchao-casal-queen-slim-tex\/#breadcrumb","itemListElement":[{"@type":"ListItem","position":1,"name":"In\u00edcio","item":"https:\/\/brasilsemalergia.com.br\/loja_abbaa\/"},{"@type":"ListItem","position":2,"name":"Loja","item":"https:\/\/brasilsemalergia.com.br\/loja_abbaa\/"},{"@type":"ListItem","position":3,"name":"Capa de colch\u00e3o casal Queen Slim Tex"}]},{"@type":"WebSite","@id":"https:\/\/brasilsemalergia.com.br\/loja_abbaa\/#website","url":"https:\/\/brasilsemalergia.com.br\/loja_abbaa\/","name":"Loja Abbaa","description":"","publisher":{"@id":"https:\/\/brasilsemalergia.com.br\/loja_abbaa\/#organization"},"potentialAction":[{"@type":"SearchAction","target":{"@type":"EntryPoint","urlTemplate":"https:\/\/brasilsemalergia.com.br\/loja_abbaa\/?s={search_term_string}"},"query-input":"required name=search_term_string"}],"inLanguage":"pt-BR"},{"@type":"Organization","@id":"https:\/\/brasilsemalergia.com.br\/loja_abbaa\/#organization","name":"Loja Abbaa","url":"https:\/\/brasilsemalergia.com.br\/loja_abbaa\/","logo":{"@type":"ImageObject","inLanguage":"pt-BR","@id":"https:\/\/brasilsemalergia.com.br\/loja_abbaa\/#\/schema\/logo\/image\/","url":"https:\/\/brasilsemalergia.com.br\/loja_abbaa\/wp-content\/uploads\/2023\/03\/logo-hor-site.png","contentUrl":"https:\/\/brasilsemalergia.com.br\/loja_abbaa\/wp-content\/uploads\/2023\/03\/logo-hor-site.png","width":440,"height":120,"caption":"Loja Abbaa"},"image":{"@id":"https:\/\/brasilsemalergia.com.br\/loja_abbaa\/#\/schema\/logo\/image\/"}}]}},"_links":{"self":[{"href":"https:\/\/brasilsemalergia.com.br\/loja_abbaa\/wp-json\/wp\/v2\/product\/14169","targetHints":{"allow":["GET"]}}],"collection":[{"href":"https:\/\/brasilsemalergia.com.br\/loja_abbaa\/wp-json\/wp\/v2\/product"}],"about":[{"href":"https:\/\/brasilsemalergia.com.br\/loja_abbaa\/wp-json\/wp\/v2\/types\/product"}],"replies":[{"embeddable":true,"href":"https:\/\/brasilsemalergia.com.br\/loja_abbaa\/wp-json\/wp\/v2\/comments?post=14169"}],"version-history":[{"count":0,"href":"https:\/\/brasilsemalergia.com.br\/loja_abbaa\/wp-json\/wp\/v2\/product\/14169\/revisions"}],"wp:featuredmedia":[{"embeddable":true,"href":"https:\/\/brasilsemalergia.com.br\/loja_abbaa\/wp-json\/wp\/v2\/media\/14171"}],"wp:attachment":[{"href":"https:\/\/brasilsemalergia.com.br\/loja_abbaa\/wp-json\/wp\/v2\/media?parent=14169"}],"wp:term":[{"taxonomy":"product_cat","embeddable":true,"href":"https:\/\/brasilsemalergia.com.br\/loja_abbaa\/wp-json\/wp\/v2\/product_cat?post=14169"},{"taxonomy":"product_tag","embeddable":true,"href":"https:\/\/brasilsemalergia.com.br\/loja_abbaa\/wp-json\/wp\/v2\/product_tag?post=14169"}],"curies":[{"name":"wp","href":"https:\/\/api.w.org\/{rel}","templated":true}]}}