{"id":14272,"date":"2023-05-10T08:55:15","date_gmt":"2023-05-10T11:55:15","guid":{"rendered":"https:\/\/brasilsemalergia.com.br\/loja_abbaa\/?post_type=product&#038;p=14272"},"modified":"2023-09-05T07:15:05","modified_gmt":"2023-09-05T10:15:05","slug":"capa-de-travesseiro-super-soft","status":"publish","type":"product","link":"https:\/\/brasilsemalergia.com.br\/loja_abbaa\/produtos-para-alergicos\/noites-tranquilas-produtos-para-alergicos\/kit-familia-capa-de-travesseiro-super-soft\/capa-de-travesseiro-super-soft\/","title":{"rendered":"Capa de travesseiro Super Soft"},"content":{"rendered":"<p><strong><u>BENEFICIOS<\/u><\/strong><\/p>\n<p>O uso das capas anti\u00e1caro s\u00e3o descritas no Consenso Mundial de Tratamento da Asma e Rinite com parte essencial no controle destas doen\u00e7as.<\/p>\n<p>Por impedirem o contato com os \u00e1caros e seus dejetos, mant\u00e9m a alergia sob controle diminuindo o uso de medicamentos, proporcionando muito mais qualidade de vida com noites bem dormidas e melhor rendimento na escola e trabalho.<\/p>\n<p>&nbsp;<\/p>\n<p><strong><u>CARACTER\u00cdSTICAS<\/u><\/strong><\/p>\n<p>As Capas Anti\u00e1caro Super Soft Alergoshop proporcionam toda a prote\u00e7\u00e3o necess\u00e1ria para evitar o contato com os \u00e1caros, sem prejudicar seu conforto. Ajudam a prevenir a asma, rinite e dermatites porque impedem a passagem dos \u00e1caros e seus dejetos acumulados nos colch\u00f5es e travesseiros. Diferentemente das capas com membrana interna de PVC, as Capas Super Soft s\u00e3o muito mais macias e permitem a passagem do vapor da transpira\u00e7\u00e3o. N\u00e3o esquentam, nem endurecem com o tempo como as capas comuns, mantendo-se confort\u00e1veis por muito mais tempo.<\/p>\n<p>&nbsp;<\/p>\n<ul>\n<li>100% algod\u00e3o-tricoline 180 fios<\/li>\n<\/ul>\n<p>&nbsp;<\/p>\n<ul>\n<li>Membrana de pol\u00edmero exclusivo<\/li>\n<\/ul>\n<p>&nbsp;<\/p>\n<ul>\n<li>Tratamento anti\u00e1caro fio a fio<\/li>\n<\/ul>\n<p>&nbsp;<\/p>\n<ul>\n<li>Costura refor\u00e7ada e z\u00edper<\/li>\n<\/ul>\n<p>&nbsp;<\/p>\n<ul>\n<li>Tratamento antimicrobiano<\/li>\n<\/ul>\n<p>&nbsp;<\/p>\n<ul>\n<li>Pode ser lavado em m\u00e1quina<\/li>\n<\/ul>\n<p>&nbsp;<\/p>\n<p>Por possuir tratamento antimicrobiano n\u00e3o necessita lavagens constantes, uma vez ao ano \u00e9 suficiente, exceto em caso de sujeiras pesadas. A limpeza normal deve ser feita semanalmente com o uso de aspirador de p\u00f3 na superf\u00edcie sem a necessidade de retirada do colch\u00e3o.<\/p>\n<p>&nbsp;<\/p>\n<ul>\n<li>Resistente \u00e0 l\u00edquidos<\/li>\n<\/ul>\n<p>&nbsp;<\/p>\n<ul>\n<li>Perme\u00e1vel ao vapor da transpira\u00e7\u00e3o<\/li>\n<\/ul>\n<p>&nbsp;<\/p>\n<ul>\n<li>Durabilidade m\u00e9dia de 5 anos<\/li>\n<\/ul>\n<p>&nbsp;<\/p>\n<p>IMPORTANTE: Confira sempre as medidas do colch\u00e3o ou travesseiro antes de comprar as capas, pois tamanhos errados podem for\u00e7ar o z\u00edper que poder\u00e1 se romper e rasgar a lateral.<\/p>\n<p>&nbsp;<\/p>\n<p><strong><u>MODO DE USAR<\/u><\/strong><\/p>\n<ul>\n<li>Envolva o travesseiro\/colch\u00e3o com a capa e feche totalmente o z\u00edper, depois coloque a roupa de cama normalmente.<\/li>\n<li>Caso esteja fora de uso, guarde-a com o z\u00edper fechado em local limpo e seco, fora do alcance de crian\u00e7as<\/li>\n<li>Pode ser lavada em m\u00e1quina (\u00e1gua fria somente)<\/li>\n<li>N\u00e3o utilizar produtos qu\u00edmicos sobre a capa (\u00e1lcool, desinfetantes, acaricidas, fungicidas, etc)<\/li>\n<li>N\u00e3o usar secadora de roupas<\/li>\n<li>Secar os dois lados da capa ao abrigo do sol<\/li>\n<li>Se utilizar ferro de passar, deve ser em temperatura quase fria<\/li>\n<\/ul>\n<p>OBS:\u00a0<em>Ap\u00f3s a lavagem, a capa poder\u00e1 apresentar rugas, o que n\u00e3o significa o descolamento da membrana. Estas rugas se desfazem alisando o tecido com ferro quase frio, n\u00e3o provocando danos \u00e0 membrana.<\/em><\/p>\n","protected":false},"excerpt":{"rendered":"<p>Capa anti\u00e1caro Super Soft. 100% algod\u00e3o. Livre de PVC.<\/p>\n<div class=\"row clearfix\">\n<div class=\"col-20\">\n<div class=\"row clearfix\">\n<div class=\"col-8 t-col-50 m-col-100 hide-unavailable col-prod\"><\/div>\n<\/div>\n<\/div>\n<\/div>\n","protected":false},"featured_media":15062,"comment_status":"open","ping_status":"closed","template":"","meta":[],"product_cat":[15,70,58,45],"product_tag":[],"class_list":{"0":"post-14272","1":"product","2":"type-product","3":"status-publish","4":"has-post-thumbnail","6":"product_cat-geral","7":"product_cat-kit-familia-capa-de-travesseiro-super-soft","8":"product_cat-noites-tranquilas-produtos-para-alergicos","9":"product_cat-produtos-para-alergicos","11":"first","12":"outofstock","13":"featured","14":"shipping-taxable","15":"purchasable","16":"product-type-variable"},"yoast_head":"<!-- This site is optimized with the Yoast SEO plugin v22.7 - https:\/\/yoast.com\/wordpress\/plugins\/seo\/ -->\n<title>Capa de travesseiro Super Soft - Loja Abbaa<\/title>\n<meta name=\"robots\" content=\"index, follow, max-snippet:-1, max-image-preview:large, max-video-preview:-1\" \/>\n<link rel=\"canonical\" href=\"https:\/\/brasilsemalergia.com.br\/loja_abbaa\/produtos-para-alergicos\/noites-tranquilas-produtos-para-alergicos\/kit-familia-capa-de-travesseiro-super-soft\/capa-de-travesseiro-super-soft\/\" \/>\n<meta property=\"og:locale\" content=\"pt_BR\" \/>\n<meta property=\"og:type\" content=\"article\" \/>\n<meta property=\"og:title\" content=\"Capa de travesseiro Super Soft - Loja Abbaa\" \/>\n<meta property=\"og:description\" content=\"Capa anti\u00e1caro Super Soft. 100% algod\u00e3o. Livre de PVC.\" \/>\n<meta property=\"og:url\" content=\"https:\/\/brasilsemalergia.com.br\/loja_abbaa\/produtos-para-alergicos\/noites-tranquilas-produtos-para-alergicos\/kit-familia-capa-de-travesseiro-super-soft\/capa-de-travesseiro-super-soft\/\" \/>\n<meta property=\"og:site_name\" content=\"Loja Abbaa\" \/>\n<meta property=\"article:modified_time\" content=\"2023-09-05T10:15:05+00:00\" \/>\n<meta property=\"og:image\" content=\"https:\/\/brasilsemalergia.com.br\/loja_abbaa\/wp-content\/uploads\/2023\/05\/Capa-de-travesseiro-Super-Soft.jpg\" \/>\n\t<meta property=\"og:image:width\" content=\"300\" \/>\n\t<meta property=\"og:image:height\" content=\"300\" \/>\n\t<meta property=\"og:image:type\" content=\"image\/jpeg\" \/>\n<meta name=\"twitter:card\" content=\"summary_large_image\" \/>\n<meta name=\"twitter:label1\" content=\"Est. tempo de leitura\" \/>\n\t<meta name=\"twitter:data1\" content=\"3 minutos\" \/>\n<script type=\"application\/ld+json\" class=\"yoast-schema-graph\">{\"@context\":\"https:\/\/schema.org\",\"@graph\":[{\"@type\":\"WebPage\",\"@id\":\"https:\/\/brasilsemalergia.com.br\/loja_abbaa\/produtos-para-alergicos\/noites-tranquilas-produtos-para-alergicos\/kit-familia-capa-de-travesseiro-super-soft\/capa-de-travesseiro-super-soft\/\",\"url\":\"https:\/\/brasilsemalergia.com.br\/loja_abbaa\/produtos-para-alergicos\/noites-tranquilas-produtos-para-alergicos\/kit-familia-capa-de-travesseiro-super-soft\/capa-de-travesseiro-super-soft\/\",\"name\":\"Capa de travesseiro Super Soft - Loja Abbaa\",\"isPartOf\":{\"@id\":\"https:\/\/brasilsemalergia.com.br\/loja_abbaa\/#website\"},\"primaryImageOfPage\":{\"@id\":\"https:\/\/brasilsemalergia.com.br\/loja_abbaa\/produtos-para-alergicos\/noites-tranquilas-produtos-para-alergicos\/kit-familia-capa-de-travesseiro-super-soft\/capa-de-travesseiro-super-soft\/#primaryimage\"},\"image\":{\"@id\":\"https:\/\/brasilsemalergia.com.br\/loja_abbaa\/produtos-para-alergicos\/noites-tranquilas-produtos-para-alergicos\/kit-familia-capa-de-travesseiro-super-soft\/capa-de-travesseiro-super-soft\/#primaryimage\"},\"thumbnailUrl\":\"https:\/\/brasilsemalergia.com.br\/loja_abbaa\/wp-content\/uploads\/2023\/05\/Capa-de-travesseiro-Super-Soft.jpg\",\"datePublished\":\"2023-05-10T11:55:15+00:00\",\"dateModified\":\"2023-09-05T10:15:05+00:00\",\"breadcrumb\":{\"@id\":\"https:\/\/brasilsemalergia.com.br\/loja_abbaa\/produtos-para-alergicos\/noites-tranquilas-produtos-para-alergicos\/kit-familia-capa-de-travesseiro-super-soft\/capa-de-travesseiro-super-soft\/#breadcrumb\"},\"inLanguage\":\"pt-BR\",\"potentialAction\":[{\"@type\":\"ReadAction\",\"target\":[\"https:\/\/brasilsemalergia.com.br\/loja_abbaa\/produtos-para-alergicos\/noites-tranquilas-produtos-para-alergicos\/kit-familia-capa-de-travesseiro-super-soft\/capa-de-travesseiro-super-soft\/\"]}]},{\"@type\":\"ImageObject\",\"inLanguage\":\"pt-BR\",\"@id\":\"https:\/\/brasilsemalergia.com.br\/loja_abbaa\/produtos-para-alergicos\/noites-tranquilas-produtos-para-alergicos\/kit-familia-capa-de-travesseiro-super-soft\/capa-de-travesseiro-super-soft\/#primaryimage\",\"url\":\"https:\/\/brasilsemalergia.com.br\/loja_abbaa\/wp-content\/uploads\/2023\/05\/Capa-de-travesseiro-Super-Soft.jpg\",\"contentUrl\":\"https:\/\/brasilsemalergia.com.br\/loja_abbaa\/wp-content\/uploads\/2023\/05\/Capa-de-travesseiro-Super-Soft.jpg\",\"width\":300,\"height\":300,\"caption\":\"Capa de travesseiro Super Soft\"},{\"@type\":\"BreadcrumbList\",\"@id\":\"https:\/\/brasilsemalergia.com.br\/loja_abbaa\/produtos-para-alergicos\/noites-tranquilas-produtos-para-alergicos\/kit-familia-capa-de-travesseiro-super-soft\/capa-de-travesseiro-super-soft\/#breadcrumb\",\"itemListElement\":[{\"@type\":\"ListItem\",\"position\":1,\"name\":\"In\u00edcio\",\"item\":\"https:\/\/brasilsemalergia.com.br\/loja_abbaa\/\"},{\"@type\":\"ListItem\",\"position\":2,\"name\":\"Loja\",\"item\":\"https:\/\/brasilsemalergia.com.br\/loja_abbaa\/\"},{\"@type\":\"ListItem\",\"position\":3,\"name\":\"Capa de travesseiro Super Soft\"}]},{\"@type\":\"WebSite\",\"@id\":\"https:\/\/brasilsemalergia.com.br\/loja_abbaa\/#website\",\"url\":\"https:\/\/brasilsemalergia.com.br\/loja_abbaa\/\",\"name\":\"Loja Abbaa\",\"description\":\"\",\"publisher\":{\"@id\":\"https:\/\/brasilsemalergia.com.br\/loja_abbaa\/#organization\"},\"potentialAction\":[{\"@type\":\"SearchAction\",\"target\":{\"@type\":\"EntryPoint\",\"urlTemplate\":\"https:\/\/brasilsemalergia.com.br\/loja_abbaa\/?s={search_term_string}\"},\"query-input\":\"required name=search_term_string\"}],\"inLanguage\":\"pt-BR\"},{\"@type\":\"Organization\",\"@id\":\"https:\/\/brasilsemalergia.com.br\/loja_abbaa\/#organization\",\"name\":\"Loja Abbaa\",\"url\":\"https:\/\/brasilsemalergia.com.br\/loja_abbaa\/\",\"logo\":{\"@type\":\"ImageObject\",\"inLanguage\":\"pt-BR\",\"@id\":\"https:\/\/brasilsemalergia.com.br\/loja_abbaa\/#\/schema\/logo\/image\/\",\"url\":\"https:\/\/brasilsemalergia.com.br\/loja_abbaa\/wp-content\/uploads\/2023\/03\/logo-hor-site.png\",\"contentUrl\":\"https:\/\/brasilsemalergia.com.br\/loja_abbaa\/wp-content\/uploads\/2023\/03\/logo-hor-site.png\",\"width\":440,\"height\":120,\"caption\":\"Loja Abbaa\"},\"image\":{\"@id\":\"https:\/\/brasilsemalergia.com.br\/loja_abbaa\/#\/schema\/logo\/image\/\"}}]}<\/script>\n<!-- \/ Yoast SEO plugin. -->","yoast_head_json":{"title":"Capa de travesseiro Super Soft - Loja Abbaa","robots":{"index":"index","follow":"follow","max-snippet":"max-snippet:-1","max-image-preview":"max-image-preview:large","max-video-preview":"max-video-preview:-1"},"canonical":"https:\/\/brasilsemalergia.com.br\/loja_abbaa\/produtos-para-alergicos\/noites-tranquilas-produtos-para-alergicos\/kit-familia-capa-de-travesseiro-super-soft\/capa-de-travesseiro-super-soft\/","og_locale":"pt_BR","og_type":"article","og_title":"Capa de travesseiro Super Soft - Loja Abbaa","og_description":"Capa anti\u00e1caro Super Soft. 100% algod\u00e3o. Livre de PVC.","og_url":"https:\/\/brasilsemalergia.com.br\/loja_abbaa\/produtos-para-alergicos\/noites-tranquilas-produtos-para-alergicos\/kit-familia-capa-de-travesseiro-super-soft\/capa-de-travesseiro-super-soft\/","og_site_name":"Loja Abbaa","article_modified_time":"2023-09-05T10:15:05+00:00","og_image":[{"width":300,"height":300,"url":"https:\/\/brasilsemalergia.com.br\/loja_abbaa\/wp-content\/uploads\/2023\/05\/Capa-de-travesseiro-Super-Soft.jpg","type":"image\/jpeg"}],"twitter_card":"summary_large_image","twitter_misc":{"Est. tempo de leitura":"3 minutos"},"schema":{"@context":"https:\/\/schema.org","@graph":[{"@type":"WebPage","@id":"https:\/\/brasilsemalergia.com.br\/loja_abbaa\/produtos-para-alergicos\/noites-tranquilas-produtos-para-alergicos\/kit-familia-capa-de-travesseiro-super-soft\/capa-de-travesseiro-super-soft\/","url":"https:\/\/brasilsemalergia.com.br\/loja_abbaa\/produtos-para-alergicos\/noites-tranquilas-produtos-para-alergicos\/kit-familia-capa-de-travesseiro-super-soft\/capa-de-travesseiro-super-soft\/","name":"Capa de travesseiro Super Soft - Loja Abbaa","isPartOf":{"@id":"https:\/\/brasilsemalergia.com.br\/loja_abbaa\/#website"},"primaryImageOfPage":{"@id":"https:\/\/brasilsemalergia.com.br\/loja_abbaa\/produtos-para-alergicos\/noites-tranquilas-produtos-para-alergicos\/kit-familia-capa-de-travesseiro-super-soft\/capa-de-travesseiro-super-soft\/#primaryimage"},"image":{"@id":"https:\/\/brasilsemalergia.com.br\/loja_abbaa\/produtos-para-alergicos\/noites-tranquilas-produtos-para-alergicos\/kit-familia-capa-de-travesseiro-super-soft\/capa-de-travesseiro-super-soft\/#primaryimage"},"thumbnailUrl":"https:\/\/brasilsemalergia.com.br\/loja_abbaa\/wp-content\/uploads\/2023\/05\/Capa-de-travesseiro-Super-Soft.jpg","datePublished":"2023-05-10T11:55:15+00:00","dateModified":"2023-09-05T10:15:05+00:00","breadcrumb":{"@id":"https:\/\/brasilsemalergia.com.br\/loja_abbaa\/produtos-para-alergicos\/noites-tranquilas-produtos-para-alergicos\/kit-familia-capa-de-travesseiro-super-soft\/capa-de-travesseiro-super-soft\/#breadcrumb"},"inLanguage":"pt-BR","potentialAction":[{"@type":"ReadAction","target":["https:\/\/brasilsemalergia.com.br\/loja_abbaa\/produtos-para-alergicos\/noites-tranquilas-produtos-para-alergicos\/kit-familia-capa-de-travesseiro-super-soft\/capa-de-travesseiro-super-soft\/"]}]},{"@type":"ImageObject","inLanguage":"pt-BR","@id":"https:\/\/brasilsemalergia.com.br\/loja_abbaa\/produtos-para-alergicos\/noites-tranquilas-produtos-para-alergicos\/kit-familia-capa-de-travesseiro-super-soft\/capa-de-travesseiro-super-soft\/#primaryimage","url":"https:\/\/brasilsemalergia.com.br\/loja_abbaa\/wp-content\/uploads\/2023\/05\/Capa-de-travesseiro-Super-Soft.jpg","contentUrl":"https:\/\/brasilsemalergia.com.br\/loja_abbaa\/wp-content\/uploads\/2023\/05\/Capa-de-travesseiro-Super-Soft.jpg","width":300,"height":300,"caption":"Capa de travesseiro Super Soft"},{"@type":"BreadcrumbList","@id":"https:\/\/brasilsemalergia.com.br\/loja_abbaa\/produtos-para-alergicos\/noites-tranquilas-produtos-para-alergicos\/kit-familia-capa-de-travesseiro-super-soft\/capa-de-travesseiro-super-soft\/#breadcrumb","itemListElement":[{"@type":"ListItem","position":1,"name":"In\u00edcio","item":"https:\/\/brasilsemalergia.com.br\/loja_abbaa\/"},{"@type":"ListItem","position":2,"name":"Loja","item":"https:\/\/brasilsemalergia.com.br\/loja_abbaa\/"},{"@type":"ListItem","position":3,"name":"Capa de travesseiro Super Soft"}]},{"@type":"WebSite","@id":"https:\/\/brasilsemalergia.com.br\/loja_abbaa\/#website","url":"https:\/\/brasilsemalergia.com.br\/loja_abbaa\/","name":"Loja Abbaa","description":"","publisher":{"@id":"https:\/\/brasilsemalergia.com.br\/loja_abbaa\/#organization"},"potentialAction":[{"@type":"SearchAction","target":{"@type":"EntryPoint","urlTemplate":"https:\/\/brasilsemalergia.com.br\/loja_abbaa\/?s={search_term_string}"},"query-input":"required name=search_term_string"}],"inLanguage":"pt-BR"},{"@type":"Organization","@id":"https:\/\/brasilsemalergia.com.br\/loja_abbaa\/#organization","name":"Loja Abbaa","url":"https:\/\/brasilsemalergia.com.br\/loja_abbaa\/","logo":{"@type":"ImageObject","inLanguage":"pt-BR","@id":"https:\/\/brasilsemalergia.com.br\/loja_abbaa\/#\/schema\/logo\/image\/","url":"https:\/\/brasilsemalergia.com.br\/loja_abbaa\/wp-content\/uploads\/2023\/03\/logo-hor-site.png","contentUrl":"https:\/\/brasilsemalergia.com.br\/loja_abbaa\/wp-content\/uploads\/2023\/03\/logo-hor-site.png","width":440,"height":120,"caption":"Loja Abbaa"},"image":{"@id":"https:\/\/brasilsemalergia.com.br\/loja_abbaa\/#\/schema\/logo\/image\/"}}]}},"_links":{"self":[{"href":"https:\/\/brasilsemalergia.com.br\/loja_abbaa\/wp-json\/wp\/v2\/product\/14272","targetHints":{"allow":["GET"]}}],"collection":[{"href":"https:\/\/brasilsemalergia.com.br\/loja_abbaa\/wp-json\/wp\/v2\/product"}],"about":[{"href":"https:\/\/brasilsemalergia.com.br\/loja_abbaa\/wp-json\/wp\/v2\/types\/product"}],"replies":[{"embeddable":true,"href":"https:\/\/brasilsemalergia.com.br\/loja_abbaa\/wp-json\/wp\/v2\/comments?post=14272"}],"version-history":[{"count":0,"href":"https:\/\/brasilsemalergia.com.br\/loja_abbaa\/wp-json\/wp\/v2\/product\/14272\/revisions"}],"wp:featuredmedia":[{"embeddable":true,"href":"https:\/\/brasilsemalergia.com.br\/loja_abbaa\/wp-json\/wp\/v2\/media\/15062"}],"wp:attachment":[{"href":"https:\/\/brasilsemalergia.com.br\/loja_abbaa\/wp-json\/wp\/v2\/media?parent=14272"}],"wp:term":[{"taxonomy":"product_cat","embeddable":true,"href":"https:\/\/brasilsemalergia.com.br\/loja_abbaa\/wp-json\/wp\/v2\/product_cat?post=14272"},{"taxonomy":"product_tag","embeddable":true,"href":"https:\/\/brasilsemalergia.com.br\/loja_abbaa\/wp-json\/wp\/v2\/product_tag?post=14272"}],"curies":[{"name":"wp","href":"https:\/\/api.w.org\/{rel}","templated":true}]}}