{"id":14435,"date":"2023-05-13T08:31:43","date_gmt":"2023-05-13T11:31:43","guid":{"rendered":"https:\/\/brasilsemalergia.com.br\/loja_abbaa\/?post_type=product&#038;p=14435"},"modified":"2023-09-04T09:12:06","modified_gmt":"2023-09-04T12:12:06","slug":"lava-loucas-hipoalergenico-biolimpeza-alergoshop","status":"publish","type":"product","link":"https:\/\/brasilsemalergia.com.br\/loja_abbaa\/limpeza-segura\/produtos-para-limpeza\/lava-loucas-hipoalergenico-biolimpeza-alergoshop\/","title":{"rendered":"Lava-Lou\u00e7as Hipoalerg\u00eanico Biolimpeza Alergoshop"},"content":{"rendered":"<div class=\"wrap product-info\">\n<div class=\"content cf\">\n<div id=\"content-inside-composicoes\" class=\"content-inside d-n\">\n<p><strong><u>BENEFICIOS<\/u><\/strong><\/p>\n<p>O<strong>\u00a0<\/strong><strong>Lava Lou\u00e7a Biolimpeza<\/strong>\u00a0da Alergoshop \u00e9 dermatologicamente testado e foi especialmente desenvolvido sem adi\u00e7\u00e3o de conservantes, detergentes sint\u00e9ticos, corantes e fragr\u00e2ncia. Formulado com componentes naturais que minimizam o poss\u00edvel surgimento de alergias e irrita\u00e7\u00f5es. Com \u00f3leo de coco 100% vegetal, revive o h\u00e1bito de lavar lou\u00e7as com sab\u00e3o de coco, preservando as m\u00e3os do ressecamento, economizando \u00e1gua devido ao seu f\u00e1cil enxague e proporcionando brilho inigual\u00e1vel aos cristais, metais e lou\u00e7as. 500 mL.<\/p>\n<p>&nbsp;<\/p>\n<p><strong><u>CARACTER\u00cdSTICAS<\/u><\/strong><\/p>\n<p>\u2022 Hipoalerg\u00eanico<\/p>\n<p>\u2022 PH Neutro<\/p>\n<p>\u2022 Dermatologicamente testado<\/p>\n<p>\u2022 Preserva as m\u00e3os de ressecamento;<\/p>\n<p>\u2022 Biodegrad\u00e1vel<\/p>\n<p>\u2022 Com \u00f3leo de coco 100% vegetal.<\/p>\n<p>\u2022 Livre de Tensoativos derivados do Petr\u00f3leo<\/p>\n<p>\u2022 Componentes naturais;<\/p>\n<p>\u2022\u00a0Sem adi\u00e7\u00e3o de conservantes;<\/p>\n<p>&nbsp;<\/p>\n<p><strong><u>COMPOSI\u00c7\u00c3O<\/u><\/strong><\/p>\n<p>\u00c1GUA, \u00d3LEO DE COCO, ALCALINIZANTE (Hidr\u00f3xido de pot\u00e1ssio), ADITIVOS NATURAIS, ESPESSANTE (derivado de celulose).<\/p>\n<p>&nbsp;<\/p>\n<p><strong><u>MODO DE USAR<\/u><\/strong><\/p>\n<p>Aplicar pequena quantidade sobre a espoja \u00famida.<\/p>\n<p><strong><u>\u00a0<\/u><\/strong><\/p>\n<\/div>\n<\/div>\n<\/div>\n<section>\n<div class=\"wrap clearfix\">\n<div class=\"col-20 product-carousel\"><\/div>\n<\/div>\n<\/section>\n","protected":false},"excerpt":{"rendered":"<p>Lava Lou\u00e7a Biolimpeza da Alergoshop. Hipoalerg\u00eanico. 500mL.<br \/>\n\u2022 Vegano<br \/>\n\u2022 Cruelty Free<\/p>\n","protected":false},"featured_media":14436,"comment_status":"open","ping_status":"closed","template":"","meta":[],"product_cat":[15,92,93],"product_tag":[],"class_list":{"0":"post-14435","1":"product","2":"type-product","3":"status-publish","4":"has-post-thumbnail","6":"product_cat-geral","7":"product_cat-limpeza-segura","8":"product_cat-produtos-para-limpeza","10":"first","11":"outofstock","12":"shipping-taxable","13":"purchasable","14":"product-type-simple"},"yoast_head":"<!-- This site is optimized with the Yoast SEO plugin v22.7 - https:\/\/yoast.com\/wordpress\/plugins\/seo\/ -->\n<title>Lava-Lou\u00e7as Hipoalerg\u00eanico Biolimpeza Alergoshop - Loja Abbaa<\/title>\n<meta name=\"robots\" content=\"index, follow, max-snippet:-1, max-image-preview:large, max-video-preview:-1\" \/>\n<link rel=\"canonical\" href=\"https:\/\/brasilsemalergia.com.br\/loja_abbaa\/limpeza-segura\/produtos-para-limpeza\/lava-loucas-hipoalergenico-biolimpeza-alergoshop\/\" \/>\n<meta property=\"og:locale\" content=\"pt_BR\" \/>\n<meta property=\"og:type\" content=\"article\" \/>\n<meta property=\"og:title\" content=\"Lava-Lou\u00e7as Hipoalerg\u00eanico Biolimpeza Alergoshop - Loja Abbaa\" \/>\n<meta property=\"og:description\" content=\"Lava Lou\u00e7a Biolimpeza da Alergoshop. Hipoalerg\u00eanico. 500mL. \u2022 Vegano \u2022 Cruelty Free\" \/>\n<meta property=\"og:url\" content=\"https:\/\/brasilsemalergia.com.br\/loja_abbaa\/limpeza-segura\/produtos-para-limpeza\/lava-loucas-hipoalergenico-biolimpeza-alergoshop\/\" \/>\n<meta property=\"og:site_name\" content=\"Loja Abbaa\" \/>\n<meta property=\"article:modified_time\" content=\"2023-09-04T12:12:06+00:00\" \/>\n<meta property=\"og:image\" content=\"https:\/\/brasilsemalergia.com.br\/loja_abbaa\/wp-content\/uploads\/2023\/05\/louca.jpeg\" \/>\n\t<meta property=\"og:image:width\" content=\"300\" \/>\n\t<meta property=\"og:image:height\" content=\"300\" \/>\n\t<meta property=\"og:image:type\" content=\"image\/jpeg\" \/>\n<meta name=\"twitter:card\" content=\"summary_large_image\" \/>\n<meta name=\"twitter:label1\" content=\"Est. tempo de leitura\" \/>\n\t<meta name=\"twitter:data1\" content=\"1 minuto\" \/>\n<script type=\"application\/ld+json\" class=\"yoast-schema-graph\">{\"@context\":\"https:\/\/schema.org\",\"@graph\":[{\"@type\":\"WebPage\",\"@id\":\"https:\/\/brasilsemalergia.com.br\/loja_abbaa\/limpeza-segura\/produtos-para-limpeza\/lava-loucas-hipoalergenico-biolimpeza-alergoshop\/\",\"url\":\"https:\/\/brasilsemalergia.com.br\/loja_abbaa\/limpeza-segura\/produtos-para-limpeza\/lava-loucas-hipoalergenico-biolimpeza-alergoshop\/\",\"name\":\"Lava-Lou\u00e7as Hipoalerg\u00eanico Biolimpeza Alergoshop - Loja Abbaa\",\"isPartOf\":{\"@id\":\"https:\/\/brasilsemalergia.com.br\/loja_abbaa\/#website\"},\"primaryImageOfPage\":{\"@id\":\"https:\/\/brasilsemalergia.com.br\/loja_abbaa\/limpeza-segura\/produtos-para-limpeza\/lava-loucas-hipoalergenico-biolimpeza-alergoshop\/#primaryimage\"},\"image\":{\"@id\":\"https:\/\/brasilsemalergia.com.br\/loja_abbaa\/limpeza-segura\/produtos-para-limpeza\/lava-loucas-hipoalergenico-biolimpeza-alergoshop\/#primaryimage\"},\"thumbnailUrl\":\"https:\/\/brasilsemalergia.com.br\/loja_abbaa\/wp-content\/uploads\/2023\/05\/louca.jpeg\",\"datePublished\":\"2023-05-13T11:31:43+00:00\",\"dateModified\":\"2023-09-04T12:12:06+00:00\",\"breadcrumb\":{\"@id\":\"https:\/\/brasilsemalergia.com.br\/loja_abbaa\/limpeza-segura\/produtos-para-limpeza\/lava-loucas-hipoalergenico-biolimpeza-alergoshop\/#breadcrumb\"},\"inLanguage\":\"pt-BR\",\"potentialAction\":[{\"@type\":\"ReadAction\",\"target\":[\"https:\/\/brasilsemalergia.com.br\/loja_abbaa\/limpeza-segura\/produtos-para-limpeza\/lava-loucas-hipoalergenico-biolimpeza-alergoshop\/\"]}]},{\"@type\":\"ImageObject\",\"inLanguage\":\"pt-BR\",\"@id\":\"https:\/\/brasilsemalergia.com.br\/loja_abbaa\/limpeza-segura\/produtos-para-limpeza\/lava-loucas-hipoalergenico-biolimpeza-alergoshop\/#primaryimage\",\"url\":\"https:\/\/brasilsemalergia.com.br\/loja_abbaa\/wp-content\/uploads\/2023\/05\/louca.jpeg\",\"contentUrl\":\"https:\/\/brasilsemalergia.com.br\/loja_abbaa\/wp-content\/uploads\/2023\/05\/louca.jpeg\",\"width\":300,\"height\":300,\"caption\":\"Lava-Lou\u00e7as Hipoalerg\u00eanico Biolimpeza Alergoshop\"},{\"@type\":\"BreadcrumbList\",\"@id\":\"https:\/\/brasilsemalergia.com.br\/loja_abbaa\/limpeza-segura\/produtos-para-limpeza\/lava-loucas-hipoalergenico-biolimpeza-alergoshop\/#breadcrumb\",\"itemListElement\":[{\"@type\":\"ListItem\",\"position\":1,\"name\":\"In\u00edcio\",\"item\":\"https:\/\/brasilsemalergia.com.br\/loja_abbaa\/\"},{\"@type\":\"ListItem\",\"position\":2,\"name\":\"Loja\",\"item\":\"https:\/\/brasilsemalergia.com.br\/loja_abbaa\/\"},{\"@type\":\"ListItem\",\"position\":3,\"name\":\"Lava-Lou\u00e7as Hipoalerg\u00eanico Biolimpeza Alergoshop\"}]},{\"@type\":\"WebSite\",\"@id\":\"https:\/\/brasilsemalergia.com.br\/loja_abbaa\/#website\",\"url\":\"https:\/\/brasilsemalergia.com.br\/loja_abbaa\/\",\"name\":\"Loja Abbaa\",\"description\":\"\",\"publisher\":{\"@id\":\"https:\/\/brasilsemalergia.com.br\/loja_abbaa\/#organization\"},\"potentialAction\":[{\"@type\":\"SearchAction\",\"target\":{\"@type\":\"EntryPoint\",\"urlTemplate\":\"https:\/\/brasilsemalergia.com.br\/loja_abbaa\/?s={search_term_string}\"},\"query-input\":\"required name=search_term_string\"}],\"inLanguage\":\"pt-BR\"},{\"@type\":\"Organization\",\"@id\":\"https:\/\/brasilsemalergia.com.br\/loja_abbaa\/#organization\",\"name\":\"Loja Abbaa\",\"url\":\"https:\/\/brasilsemalergia.com.br\/loja_abbaa\/\",\"logo\":{\"@type\":\"ImageObject\",\"inLanguage\":\"pt-BR\",\"@id\":\"https:\/\/brasilsemalergia.com.br\/loja_abbaa\/#\/schema\/logo\/image\/\",\"url\":\"https:\/\/brasilsemalergia.com.br\/loja_abbaa\/wp-content\/uploads\/2023\/03\/logo-hor-site.png\",\"contentUrl\":\"https:\/\/brasilsemalergia.com.br\/loja_abbaa\/wp-content\/uploads\/2023\/03\/logo-hor-site.png\",\"width\":440,\"height\":120,\"caption\":\"Loja Abbaa\"},\"image\":{\"@id\":\"https:\/\/brasilsemalergia.com.br\/loja_abbaa\/#\/schema\/logo\/image\/\"}}]}<\/script>\n<!-- \/ Yoast SEO plugin. -->","yoast_head_json":{"title":"Lava-Lou\u00e7as Hipoalerg\u00eanico Biolimpeza Alergoshop - Loja Abbaa","robots":{"index":"index","follow":"follow","max-snippet":"max-snippet:-1","max-image-preview":"max-image-preview:large","max-video-preview":"max-video-preview:-1"},"canonical":"https:\/\/brasilsemalergia.com.br\/loja_abbaa\/limpeza-segura\/produtos-para-limpeza\/lava-loucas-hipoalergenico-biolimpeza-alergoshop\/","og_locale":"pt_BR","og_type":"article","og_title":"Lava-Lou\u00e7as Hipoalerg\u00eanico Biolimpeza Alergoshop - Loja Abbaa","og_description":"Lava Lou\u00e7a Biolimpeza da Alergoshop. Hipoalerg\u00eanico. 500mL. \u2022 Vegano \u2022 Cruelty Free","og_url":"https:\/\/brasilsemalergia.com.br\/loja_abbaa\/limpeza-segura\/produtos-para-limpeza\/lava-loucas-hipoalergenico-biolimpeza-alergoshop\/","og_site_name":"Loja Abbaa","article_modified_time":"2023-09-04T12:12:06+00:00","og_image":[{"width":300,"height":300,"url":"https:\/\/brasilsemalergia.com.br\/loja_abbaa\/wp-content\/uploads\/2023\/05\/louca.jpeg","type":"image\/jpeg"}],"twitter_card":"summary_large_image","twitter_misc":{"Est. tempo de leitura":"1 minuto"},"schema":{"@context":"https:\/\/schema.org","@graph":[{"@type":"WebPage","@id":"https:\/\/brasilsemalergia.com.br\/loja_abbaa\/limpeza-segura\/produtos-para-limpeza\/lava-loucas-hipoalergenico-biolimpeza-alergoshop\/","url":"https:\/\/brasilsemalergia.com.br\/loja_abbaa\/limpeza-segura\/produtos-para-limpeza\/lava-loucas-hipoalergenico-biolimpeza-alergoshop\/","name":"Lava-Lou\u00e7as Hipoalerg\u00eanico Biolimpeza Alergoshop - Loja Abbaa","isPartOf":{"@id":"https:\/\/brasilsemalergia.com.br\/loja_abbaa\/#website"},"primaryImageOfPage":{"@id":"https:\/\/brasilsemalergia.com.br\/loja_abbaa\/limpeza-segura\/produtos-para-limpeza\/lava-loucas-hipoalergenico-biolimpeza-alergoshop\/#primaryimage"},"image":{"@id":"https:\/\/brasilsemalergia.com.br\/loja_abbaa\/limpeza-segura\/produtos-para-limpeza\/lava-loucas-hipoalergenico-biolimpeza-alergoshop\/#primaryimage"},"thumbnailUrl":"https:\/\/brasilsemalergia.com.br\/loja_abbaa\/wp-content\/uploads\/2023\/05\/louca.jpeg","datePublished":"2023-05-13T11:31:43+00:00","dateModified":"2023-09-04T12:12:06+00:00","breadcrumb":{"@id":"https:\/\/brasilsemalergia.com.br\/loja_abbaa\/limpeza-segura\/produtos-para-limpeza\/lava-loucas-hipoalergenico-biolimpeza-alergoshop\/#breadcrumb"},"inLanguage":"pt-BR","potentialAction":[{"@type":"ReadAction","target":["https:\/\/brasilsemalergia.com.br\/loja_abbaa\/limpeza-segura\/produtos-para-limpeza\/lava-loucas-hipoalergenico-biolimpeza-alergoshop\/"]}]},{"@type":"ImageObject","inLanguage":"pt-BR","@id":"https:\/\/brasilsemalergia.com.br\/loja_abbaa\/limpeza-segura\/produtos-para-limpeza\/lava-loucas-hipoalergenico-biolimpeza-alergoshop\/#primaryimage","url":"https:\/\/brasilsemalergia.com.br\/loja_abbaa\/wp-content\/uploads\/2023\/05\/louca.jpeg","contentUrl":"https:\/\/brasilsemalergia.com.br\/loja_abbaa\/wp-content\/uploads\/2023\/05\/louca.jpeg","width":300,"height":300,"caption":"Lava-Lou\u00e7as Hipoalerg\u00eanico Biolimpeza Alergoshop"},{"@type":"BreadcrumbList","@id":"https:\/\/brasilsemalergia.com.br\/loja_abbaa\/limpeza-segura\/produtos-para-limpeza\/lava-loucas-hipoalergenico-biolimpeza-alergoshop\/#breadcrumb","itemListElement":[{"@type":"ListItem","position":1,"name":"In\u00edcio","item":"https:\/\/brasilsemalergia.com.br\/loja_abbaa\/"},{"@type":"ListItem","position":2,"name":"Loja","item":"https:\/\/brasilsemalergia.com.br\/loja_abbaa\/"},{"@type":"ListItem","position":3,"name":"Lava-Lou\u00e7as Hipoalerg\u00eanico Biolimpeza Alergoshop"}]},{"@type":"WebSite","@id":"https:\/\/brasilsemalergia.com.br\/loja_abbaa\/#website","url":"https:\/\/brasilsemalergia.com.br\/loja_abbaa\/","name":"Loja Abbaa","description":"","publisher":{"@id":"https:\/\/brasilsemalergia.com.br\/loja_abbaa\/#organization"},"potentialAction":[{"@type":"SearchAction","target":{"@type":"EntryPoint","urlTemplate":"https:\/\/brasilsemalergia.com.br\/loja_abbaa\/?s={search_term_string}"},"query-input":"required name=search_term_string"}],"inLanguage":"pt-BR"},{"@type":"Organization","@id":"https:\/\/brasilsemalergia.com.br\/loja_abbaa\/#organization","name":"Loja Abbaa","url":"https:\/\/brasilsemalergia.com.br\/loja_abbaa\/","logo":{"@type":"ImageObject","inLanguage":"pt-BR","@id":"https:\/\/brasilsemalergia.com.br\/loja_abbaa\/#\/schema\/logo\/image\/","url":"https:\/\/brasilsemalergia.com.br\/loja_abbaa\/wp-content\/uploads\/2023\/03\/logo-hor-site.png","contentUrl":"https:\/\/brasilsemalergia.com.br\/loja_abbaa\/wp-content\/uploads\/2023\/03\/logo-hor-site.png","width":440,"height":120,"caption":"Loja Abbaa"},"image":{"@id":"https:\/\/brasilsemalergia.com.br\/loja_abbaa\/#\/schema\/logo\/image\/"}}]}},"_links":{"self":[{"href":"https:\/\/brasilsemalergia.com.br\/loja_abbaa\/wp-json\/wp\/v2\/product\/14435","targetHints":{"allow":["GET"]}}],"collection":[{"href":"https:\/\/brasilsemalergia.com.br\/loja_abbaa\/wp-json\/wp\/v2\/product"}],"about":[{"href":"https:\/\/brasilsemalergia.com.br\/loja_abbaa\/wp-json\/wp\/v2\/types\/product"}],"replies":[{"embeddable":true,"href":"https:\/\/brasilsemalergia.com.br\/loja_abbaa\/wp-json\/wp\/v2\/comments?post=14435"}],"version-history":[{"count":0,"href":"https:\/\/brasilsemalergia.com.br\/loja_abbaa\/wp-json\/wp\/v2\/product\/14435\/revisions"}],"wp:featuredmedia":[{"embeddable":true,"href":"https:\/\/brasilsemalergia.com.br\/loja_abbaa\/wp-json\/wp\/v2\/media\/14436"}],"wp:attachment":[{"href":"https:\/\/brasilsemalergia.com.br\/loja_abbaa\/wp-json\/wp\/v2\/media?parent=14435"}],"wp:term":[{"taxonomy":"product_cat","embeddable":true,"href":"https:\/\/brasilsemalergia.com.br\/loja_abbaa\/wp-json\/wp\/v2\/product_cat?post=14435"},{"taxonomy":"product_tag","embeddable":true,"href":"https:\/\/brasilsemalergia.com.br\/loja_abbaa\/wp-json\/wp\/v2\/product_tag?post=14435"}],"curies":[{"name":"wp","href":"https:\/\/api.w.org\/{rel}","templated":true}]}}