{"id":14477,"date":"2023-05-13T09:35:35","date_gmt":"2023-05-13T12:35:35","guid":{"rendered":"https:\/\/brasilsemalergia.com.br\/loja_abbaa\/?post_type=product&#038;p=14477"},"modified":"2023-09-04T08:33:51","modified_gmt":"2023-09-04T11:33:51","slug":"repelente-gold-spray","status":"publish","type":"product","link":"https:\/\/brasilsemalergia.com.br\/loja_abbaa\/cuidados-no-lazer\/contra-os-insetos\/repelente-gold-spray\/","title":{"rendered":"Repelente Gold Spray"},"content":{"rendered":"<p><strong><u>BENEFICIOS<\/u><\/strong><\/p>\n<p>O Repelente Gold Spray \u00e9 HIPOALERG\u00caNICO e apresenta muito alta efic\u00e1cia para repelir insetos, borrachudos, muri\u00e7ocas, pernilongos e contra o mosquito Aedes aegypti, Culex quinquefasciatus e Anopheles aquasalis. \u00c0 base de ICARIDINA.<\/p>\n<p>A Icaridina \u00e9 um princ\u00edpio ativo indicado pela\u00a0<a title=\"\" href=\"https:\/\/alergoshop.com.br\/lazer-e-protecao\/protecao-contra-os-insetos\/1021-repelente-gold-spray\">Organiza\u00e7\u00e3o Mundial da Sa\u00fade<\/a>\u00a0(OMS). O Repelente Gold Spray pode ser aplicado a partir dos 2 anos de idade. Pode ser utilizado tamb\u00e9m por\u00a0aventureiros, praticantes de esportes ao ar livre, al\u00e9rgicos e pessoas que moram ou viajam para \u00e1reas end\u00eamicas.<\/p>\n<p>A\u00a0<strong>Icaridina<\/strong>\u00a0possui a\u00e7\u00e3o de longa dura\u00e7\u00e3o no combate aos insetos, quando encontrada na concentra\u00e7\u00e3o ideal: entre 20 e 25%. Nessas concentra\u00e7\u00f5es, o produto protege as pessoas por at\u00e9 10 horas, ou a cada cinco horas, caso a temperatura seja superior a 30\u00b0C.<\/p>\n<p>Segundo a literatura m\u00e9dica, devido \u00e0 baixa absor\u00e7\u00e3o pelo organismo humano, a\u00a0<strong>Icaridina<\/strong>\u00a0pode ser utilizada junto com protetores solares, j\u00e1 que n\u00e3o h\u00e1 intera\u00e7\u00e3o entre os produtos. Entretanto, se for utilizar\u00a0<a title=\"\" href=\"https:\/\/alergoshop.com.br\/lazer-e-protecao\/protecao-contra-os-insetos\/1021-repelente-gold-spray\">protetor solar<\/a>, o correto \u00e9 usar o produto 15 minutos antes do repelente, para que n\u00e3o haja interfer\u00eancia na a\u00e7\u00e3o de ambos os produtos.<\/p>\n<p><strong><u>CARACTER\u00cdSTICAS<\/u><\/strong><\/p>\n<p>\u2022 Hipoalerg\u00eanico<\/p>\n<p>\u2022 A base de Icaridina<\/p>\n<p>\u2022 Pode ser aplicado: pode ser aplicado a partir dos 2 anos de idade.<\/p>\n<p>\u2022 Eficaz contra v\u00e1rios insetosmosquitos como\u00a0 borrachudos, muri\u00e7ocas, pernilongos e contra o mosquito Aedes aegypti, Culex quinquefasciatus e Anopheles aquasalis.<\/p>\n<p>\u2022 Repele os insetos por at\u00e9 10 horas.<\/p>\n<p>&nbsp;<\/p>\n<p><strong><u>COMPOSI\u00c7\u00c3O<\/u><\/strong><\/p>\n<p><strong>(INCI NAME):<\/strong>\u00a0Hydroxyethyl isobutyl piperidine carboxylate, Alcohol, Methylchloroisothiazolinone (and) methylisothiazolinone, Aqua.<br \/>\n<strong>\u00a0 \u00a0 \u00a0 \u00a0 \u00a0 \u00a0 \u00a0 \u00a0 \u00a0 \u00a0 \u00a0 \u00a0 Ingrediente ativo:<\/strong>\u00a0Hydroxyethyl isobutyl piperidine carboxylate = Icaridin (25%)<br \/>\n<strong>(COMPOSI\u00c7\u00c3O EM PORTUGU\u00caS):<\/strong>\u00a0Icaridina, \u00c1lcool et\u00edlico hidratado, Metilcloroisotiazolinona\/Metilisotiasolinona, \u00c1gua.<br \/>\n<strong>\u00a0\u00a0\u00a0\u00a0\u00a0\u00a0\u00a0\u00a0\u00a0\u00a0\u00a0\u00a0\u00a0\u00a0\u00a0\u00a0\u00a0\u00a0\u00a0\u00a0\u00a0\u00a0\u00a0 Ingrediente Ativo:<\/strong>\u00a0Icaridina = Icaridina (25%).<\/p>\n<p>&nbsp;<\/p>\n<p><strong><u>MODO DE USAR<\/u><\/strong><\/p>\n<div class=\"wrap product-info\">\n<div class=\"content cf\">\n<div id=\"content-inside-modo-de-usar\" class=\"content-inside d-n\">Aplique o produto na pele exposta, espalhando bem. Para aplicar no rosto, aplique primeiramente o produto nas m\u00e3os e a seguir leve ao rosto. Reaplique o produto a cada 10 horas.<\/div>\n<\/div>\n<\/div>\n<section>\n<div class=\"wrap clearfix\">\n<div class=\"col-20 product-carousel\"><\/div>\n<\/div>\n<\/section>\n","protected":false},"excerpt":{"rendered":"<div>Repelente Gold Spray\u00a0110mL.<\/div>\n<div>Repele o transmissor da febre amarela urbana.<\/div>\n<div>\u2022 Vegano<\/div>\n<div>\n<p>\u2022 Cruelty Free<\/p>\n<\/div>\n","protected":false},"featured_media":14478,"comment_status":"open","ping_status":"closed","template":"","meta":[],"product_cat":[15,96,95,45],"product_tag":[],"class_list":{"0":"post-14477","1":"product","2":"type-product","3":"status-publish","4":"has-post-thumbnail","6":"product_cat-geral","7":"product_cat-contra-os-insetos","8":"product_cat-cuidados-no-lazer","9":"product_cat-produtos-para-alergicos","11":"first","12":"outofstock","13":"shipping-taxable","14":"purchasable","15":"product-type-simple"},"yoast_head":"<!-- This site is optimized with the Yoast SEO plugin v22.7 - https:\/\/yoast.com\/wordpress\/plugins\/seo\/ -->\n<title>Repelente Gold Spray - Loja Abbaa<\/title>\n<meta name=\"robots\" content=\"index, follow, max-snippet:-1, max-image-preview:large, max-video-preview:-1\" \/>\n<link rel=\"canonical\" href=\"https:\/\/brasilsemalergia.com.br\/loja_abbaa\/cuidados-no-lazer\/contra-os-insetos\/repelente-gold-spray\/\" \/>\n<meta property=\"og:locale\" content=\"pt_BR\" \/>\n<meta property=\"og:type\" content=\"article\" \/>\n<meta property=\"og:title\" content=\"Repelente Gold Spray - Loja Abbaa\" \/>\n<meta property=\"og:description\" content=\"Repelente Gold Spray\u00a0110mL. Repele o transmissor da febre amarela urbana. \u2022 Vegano   \u2022 Cruelty Free\" \/>\n<meta property=\"og:url\" content=\"https:\/\/brasilsemalergia.com.br\/loja_abbaa\/cuidados-no-lazer\/contra-os-insetos\/repelente-gold-spray\/\" \/>\n<meta property=\"og:site_name\" content=\"Loja Abbaa\" \/>\n<meta property=\"article:modified_time\" content=\"2023-09-04T11:33:51+00:00\" \/>\n<meta property=\"og:image\" content=\"https:\/\/brasilsemalergia.com.br\/loja_abbaa\/wp-content\/uploads\/2023\/05\/gol.jpg\" \/>\n\t<meta property=\"og:image:width\" content=\"1200\" \/>\n\t<meta property=\"og:image:height\" content=\"1200\" \/>\n\t<meta property=\"og:image:type\" content=\"image\/jpeg\" \/>\n<meta name=\"twitter:card\" content=\"summary_large_image\" \/>\n<meta name=\"twitter:label1\" content=\"Est. tempo de leitura\" \/>\n\t<meta name=\"twitter:data1\" content=\"2 minutos\" \/>\n<script type=\"application\/ld+json\" class=\"yoast-schema-graph\">{\"@context\":\"https:\/\/schema.org\",\"@graph\":[{\"@type\":\"WebPage\",\"@id\":\"https:\/\/brasilsemalergia.com.br\/loja_abbaa\/cuidados-no-lazer\/contra-os-insetos\/repelente-gold-spray\/\",\"url\":\"https:\/\/brasilsemalergia.com.br\/loja_abbaa\/cuidados-no-lazer\/contra-os-insetos\/repelente-gold-spray\/\",\"name\":\"Repelente Gold Spray - Loja Abbaa\",\"isPartOf\":{\"@id\":\"https:\/\/brasilsemalergia.com.br\/loja_abbaa\/#website\"},\"primaryImageOfPage\":{\"@id\":\"https:\/\/brasilsemalergia.com.br\/loja_abbaa\/cuidados-no-lazer\/contra-os-insetos\/repelente-gold-spray\/#primaryimage\"},\"image\":{\"@id\":\"https:\/\/brasilsemalergia.com.br\/loja_abbaa\/cuidados-no-lazer\/contra-os-insetos\/repelente-gold-spray\/#primaryimage\"},\"thumbnailUrl\":\"https:\/\/brasilsemalergia.com.br\/loja_abbaa\/wp-content\/uploads\/2023\/05\/gol.jpg\",\"datePublished\":\"2023-05-13T12:35:35+00:00\",\"dateModified\":\"2023-09-04T11:33:51+00:00\",\"breadcrumb\":{\"@id\":\"https:\/\/brasilsemalergia.com.br\/loja_abbaa\/cuidados-no-lazer\/contra-os-insetos\/repelente-gold-spray\/#breadcrumb\"},\"inLanguage\":\"pt-BR\",\"potentialAction\":[{\"@type\":\"ReadAction\",\"target\":[\"https:\/\/brasilsemalergia.com.br\/loja_abbaa\/cuidados-no-lazer\/contra-os-insetos\/repelente-gold-spray\/\"]}]},{\"@type\":\"ImageObject\",\"inLanguage\":\"pt-BR\",\"@id\":\"https:\/\/brasilsemalergia.com.br\/loja_abbaa\/cuidados-no-lazer\/contra-os-insetos\/repelente-gold-spray\/#primaryimage\",\"url\":\"https:\/\/brasilsemalergia.com.br\/loja_abbaa\/wp-content\/uploads\/2023\/05\/gol.jpg\",\"contentUrl\":\"https:\/\/brasilsemalergia.com.br\/loja_abbaa\/wp-content\/uploads\/2023\/05\/gol.jpg\",\"width\":1200,\"height\":1200,\"caption\":\"Repelente Gold Spray\"},{\"@type\":\"BreadcrumbList\",\"@id\":\"https:\/\/brasilsemalergia.com.br\/loja_abbaa\/cuidados-no-lazer\/contra-os-insetos\/repelente-gold-spray\/#breadcrumb\",\"itemListElement\":[{\"@type\":\"ListItem\",\"position\":1,\"name\":\"In\u00edcio\",\"item\":\"https:\/\/brasilsemalergia.com.br\/loja_abbaa\/\"},{\"@type\":\"ListItem\",\"position\":2,\"name\":\"Loja\",\"item\":\"https:\/\/brasilsemalergia.com.br\/loja_abbaa\/\"},{\"@type\":\"ListItem\",\"position\":3,\"name\":\"Repelente Gold Spray\"}]},{\"@type\":\"WebSite\",\"@id\":\"https:\/\/brasilsemalergia.com.br\/loja_abbaa\/#website\",\"url\":\"https:\/\/brasilsemalergia.com.br\/loja_abbaa\/\",\"name\":\"Loja Abbaa\",\"description\":\"\",\"publisher\":{\"@id\":\"https:\/\/brasilsemalergia.com.br\/loja_abbaa\/#organization\"},\"potentialAction\":[{\"@type\":\"SearchAction\",\"target\":{\"@type\":\"EntryPoint\",\"urlTemplate\":\"https:\/\/brasilsemalergia.com.br\/loja_abbaa\/?s={search_term_string}\"},\"query-input\":\"required name=search_term_string\"}],\"inLanguage\":\"pt-BR\"},{\"@type\":\"Organization\",\"@id\":\"https:\/\/brasilsemalergia.com.br\/loja_abbaa\/#organization\",\"name\":\"Loja Abbaa\",\"url\":\"https:\/\/brasilsemalergia.com.br\/loja_abbaa\/\",\"logo\":{\"@type\":\"ImageObject\",\"inLanguage\":\"pt-BR\",\"@id\":\"https:\/\/brasilsemalergia.com.br\/loja_abbaa\/#\/schema\/logo\/image\/\",\"url\":\"https:\/\/brasilsemalergia.com.br\/loja_abbaa\/wp-content\/uploads\/2023\/03\/logo-hor-site.png\",\"contentUrl\":\"https:\/\/brasilsemalergia.com.br\/loja_abbaa\/wp-content\/uploads\/2023\/03\/logo-hor-site.png\",\"width\":440,\"height\":120,\"caption\":\"Loja Abbaa\"},\"image\":{\"@id\":\"https:\/\/brasilsemalergia.com.br\/loja_abbaa\/#\/schema\/logo\/image\/\"}}]}<\/script>\n<!-- \/ Yoast SEO plugin. -->","yoast_head_json":{"title":"Repelente Gold Spray - Loja Abbaa","robots":{"index":"index","follow":"follow","max-snippet":"max-snippet:-1","max-image-preview":"max-image-preview:large","max-video-preview":"max-video-preview:-1"},"canonical":"https:\/\/brasilsemalergia.com.br\/loja_abbaa\/cuidados-no-lazer\/contra-os-insetos\/repelente-gold-spray\/","og_locale":"pt_BR","og_type":"article","og_title":"Repelente Gold Spray - Loja Abbaa","og_description":"Repelente Gold Spray\u00a0110mL. Repele o transmissor da febre amarela urbana. \u2022 Vegano   \u2022 Cruelty Free","og_url":"https:\/\/brasilsemalergia.com.br\/loja_abbaa\/cuidados-no-lazer\/contra-os-insetos\/repelente-gold-spray\/","og_site_name":"Loja Abbaa","article_modified_time":"2023-09-04T11:33:51+00:00","og_image":[{"width":1200,"height":1200,"url":"https:\/\/brasilsemalergia.com.br\/loja_abbaa\/wp-content\/uploads\/2023\/05\/gol.jpg","type":"image\/jpeg"}],"twitter_card":"summary_large_image","twitter_misc":{"Est. tempo de leitura":"2 minutos"},"schema":{"@context":"https:\/\/schema.org","@graph":[{"@type":"WebPage","@id":"https:\/\/brasilsemalergia.com.br\/loja_abbaa\/cuidados-no-lazer\/contra-os-insetos\/repelente-gold-spray\/","url":"https:\/\/brasilsemalergia.com.br\/loja_abbaa\/cuidados-no-lazer\/contra-os-insetos\/repelente-gold-spray\/","name":"Repelente Gold Spray - Loja Abbaa","isPartOf":{"@id":"https:\/\/brasilsemalergia.com.br\/loja_abbaa\/#website"},"primaryImageOfPage":{"@id":"https:\/\/brasilsemalergia.com.br\/loja_abbaa\/cuidados-no-lazer\/contra-os-insetos\/repelente-gold-spray\/#primaryimage"},"image":{"@id":"https:\/\/brasilsemalergia.com.br\/loja_abbaa\/cuidados-no-lazer\/contra-os-insetos\/repelente-gold-spray\/#primaryimage"},"thumbnailUrl":"https:\/\/brasilsemalergia.com.br\/loja_abbaa\/wp-content\/uploads\/2023\/05\/gol.jpg","datePublished":"2023-05-13T12:35:35+00:00","dateModified":"2023-09-04T11:33:51+00:00","breadcrumb":{"@id":"https:\/\/brasilsemalergia.com.br\/loja_abbaa\/cuidados-no-lazer\/contra-os-insetos\/repelente-gold-spray\/#breadcrumb"},"inLanguage":"pt-BR","potentialAction":[{"@type":"ReadAction","target":["https:\/\/brasilsemalergia.com.br\/loja_abbaa\/cuidados-no-lazer\/contra-os-insetos\/repelente-gold-spray\/"]}]},{"@type":"ImageObject","inLanguage":"pt-BR","@id":"https:\/\/brasilsemalergia.com.br\/loja_abbaa\/cuidados-no-lazer\/contra-os-insetos\/repelente-gold-spray\/#primaryimage","url":"https:\/\/brasilsemalergia.com.br\/loja_abbaa\/wp-content\/uploads\/2023\/05\/gol.jpg","contentUrl":"https:\/\/brasilsemalergia.com.br\/loja_abbaa\/wp-content\/uploads\/2023\/05\/gol.jpg","width":1200,"height":1200,"caption":"Repelente Gold Spray"},{"@type":"BreadcrumbList","@id":"https:\/\/brasilsemalergia.com.br\/loja_abbaa\/cuidados-no-lazer\/contra-os-insetos\/repelente-gold-spray\/#breadcrumb","itemListElement":[{"@type":"ListItem","position":1,"name":"In\u00edcio","item":"https:\/\/brasilsemalergia.com.br\/loja_abbaa\/"},{"@type":"ListItem","position":2,"name":"Loja","item":"https:\/\/brasilsemalergia.com.br\/loja_abbaa\/"},{"@type":"ListItem","position":3,"name":"Repelente Gold Spray"}]},{"@type":"WebSite","@id":"https:\/\/brasilsemalergia.com.br\/loja_abbaa\/#website","url":"https:\/\/brasilsemalergia.com.br\/loja_abbaa\/","name":"Loja Abbaa","description":"","publisher":{"@id":"https:\/\/brasilsemalergia.com.br\/loja_abbaa\/#organization"},"potentialAction":[{"@type":"SearchAction","target":{"@type":"EntryPoint","urlTemplate":"https:\/\/brasilsemalergia.com.br\/loja_abbaa\/?s={search_term_string}"},"query-input":"required name=search_term_string"}],"inLanguage":"pt-BR"},{"@type":"Organization","@id":"https:\/\/brasilsemalergia.com.br\/loja_abbaa\/#organization","name":"Loja Abbaa","url":"https:\/\/brasilsemalergia.com.br\/loja_abbaa\/","logo":{"@type":"ImageObject","inLanguage":"pt-BR","@id":"https:\/\/brasilsemalergia.com.br\/loja_abbaa\/#\/schema\/logo\/image\/","url":"https:\/\/brasilsemalergia.com.br\/loja_abbaa\/wp-content\/uploads\/2023\/03\/logo-hor-site.png","contentUrl":"https:\/\/brasilsemalergia.com.br\/loja_abbaa\/wp-content\/uploads\/2023\/03\/logo-hor-site.png","width":440,"height":120,"caption":"Loja Abbaa"},"image":{"@id":"https:\/\/brasilsemalergia.com.br\/loja_abbaa\/#\/schema\/logo\/image\/"}}]}},"_links":{"self":[{"href":"https:\/\/brasilsemalergia.com.br\/loja_abbaa\/wp-json\/wp\/v2\/product\/14477","targetHints":{"allow":["GET"]}}],"collection":[{"href":"https:\/\/brasilsemalergia.com.br\/loja_abbaa\/wp-json\/wp\/v2\/product"}],"about":[{"href":"https:\/\/brasilsemalergia.com.br\/loja_abbaa\/wp-json\/wp\/v2\/types\/product"}],"replies":[{"embeddable":true,"href":"https:\/\/brasilsemalergia.com.br\/loja_abbaa\/wp-json\/wp\/v2\/comments?post=14477"}],"version-history":[{"count":0,"href":"https:\/\/brasilsemalergia.com.br\/loja_abbaa\/wp-json\/wp\/v2\/product\/14477\/revisions"}],"wp:featuredmedia":[{"embeddable":true,"href":"https:\/\/brasilsemalergia.com.br\/loja_abbaa\/wp-json\/wp\/v2\/media\/14478"}],"wp:attachment":[{"href":"https:\/\/brasilsemalergia.com.br\/loja_abbaa\/wp-json\/wp\/v2\/media?parent=14477"}],"wp:term":[{"taxonomy":"product_cat","embeddable":true,"href":"https:\/\/brasilsemalergia.com.br\/loja_abbaa\/wp-json\/wp\/v2\/product_cat?post=14477"},{"taxonomy":"product_tag","embeddable":true,"href":"https:\/\/brasilsemalergia.com.br\/loja_abbaa\/wp-json\/wp\/v2\/product_tag?post=14477"}],"curies":[{"name":"wp","href":"https:\/\/api.w.org\/{rel}","templated":true}]}}