{"id":14482,"date":"2023-05-13T09:53:59","date_gmt":"2023-05-13T12:53:59","guid":{"rendered":"https:\/\/brasilsemalergia.com.br\/loja_abbaa\/?post_type=product&#038;p=14482"},"modified":"2023-09-04T08:32:40","modified_gmt":"2023-09-04T11:32:40","slug":"vela-neem-alergoshop","status":"publish","type":"product","link":"https:\/\/brasilsemalergia.com.br\/loja_abbaa\/cuidados-no-lazer\/contra-os-insetos\/vela-neem-alergoshop\/","title":{"rendered":"Vela Neem Alergoshop"},"content":{"rendered":"<p><strong><u>BENEFICIOS<\/u><\/strong><\/p>\n<p>Neem \u00e9 uma \u00e1rvore origin\u00e1ria da \u00cdndia onde \u00e9 conhecida por suas propriedades inseticidas, medicinais, anti-s\u00e9ptica, cicatrizante, imunoestimulante e repelente. A\u00a0<strong>Vela de Neem<\/strong><strong>\u00a0<\/strong>da Alergoshop \u00e9 biodegrad\u00e1vel e livre de aromas. Utilizada para repelir pernilongos, mosquitos e mais de 400 tipos de insetos. O efeito se d\u00e1 logo ap\u00f3s formada uma camada l\u00edquida de parafina sobre a vela. Recomendada para ambientes de 30m\u00b2.<\/p>\n<p>A vela n\u00e3o deve ser utilizada como \u00fanico m\u00e9todo de preven\u00e7\u00e3o a Dengue, Mal\u00e1ria, Filariose e Febre Amarela.<\/p>\n<p><strong><u>CARACTER\u00cdSTICAS<\/u><\/strong><\/p>\n<p>\u2022 \u00d3leo de Neem<\/p>\n<p>\u2022 Sem perfume<\/p>\n<p>\u2022 At\u00e9 70h de dura\u00e7\u00e3o.<\/p>\n<p>A vela n\u00e3o deve ser utilizada como \u00fanico m\u00e9todo de preven\u00e7\u00e3o a Dengue, Mal\u00e1ria, Filariose e Febre Amarela.<\/p>\n<p>&nbsp;<\/p>\n<p><strong><u>COMPOSI\u00c7\u00c3O<\/u><\/strong><\/p>\n<div class=\"wrap product-info\">\n<div class=\"content cf\">\n<div id=\"content-inside-composicoes\" class=\"content-inside d-n\">\n<p>Parafina, \u00d3leo de Neem e pavio de algod\u00e3o.<\/p>\n<\/div>\n<\/div>\n<\/div>\n<section>\n<div class=\"wrap clearfix\">\n<div class=\"col-20 product-carousel\"><\/div>\n<\/div>\n<\/section>\n<p><strong><u>MODO DE USAR<\/u><\/strong><\/p>\n<div class=\"wrap product-info\">\n<div class=\"content cf\">\n<div id=\"content-inside-modo-de-usar\" class=\"content-inside d-n\">\n<p>Coloque a vela sobre um recipiente n\u00e3o combust\u00edvel (vidro, metal, etc). Corte a embalagem na linha pontilhada com o aux\u00edlio de uma tesoura na parte superior da vela e remova somente a parte de cima. N\u00e3o deixe a vela em local muito ventilado para n\u00e3o dissipar seu efeito. Mantenha a vela longe de materiais inflam\u00e1veis e de f\u00e1cil combust\u00e3o, como cortinas, pap\u00e9is, folhas secas etc e do alcance de crian\u00e7as e animais.<\/p>\n<p>A vela de Neen n\u00e3o deve ser utilizada como \u00fanico m\u00e9todo de preven\u00e7\u00e3o a Dengue, Mal\u00e1ria, Filariose e Febre Amarela.<\/p>\n<\/div>\n<\/div>\n<\/div>\n<section>\n<div class=\"wrap clearfix\">\n<div class=\"col-20 product-carousel\"><\/div>\n<\/div>\n<\/section>\n","protected":false},"excerpt":{"rendered":"<div>Repelente Gold Spray\u00a0110mL.<\/div>\n<div>Repele o transmissor da febre amarela urbana.<\/div>\n<div>\u2022 Vegano<\/div>\n<div>\n<p>\u2022 Cruelty Free<\/p>\n<\/div>\n","protected":false},"featured_media":14483,"comment_status":"open","ping_status":"closed","template":"","meta":[],"product_cat":[15,96,95,45],"product_tag":[],"class_list":{"0":"post-14482","1":"product","2":"type-product","3":"status-publish","4":"has-post-thumbnail","6":"product_cat-geral","7":"product_cat-contra-os-insetos","8":"product_cat-cuidados-no-lazer","9":"product_cat-produtos-para-alergicos","11":"first","12":"outofstock","13":"shipping-taxable","14":"purchasable","15":"product-type-simple"},"yoast_head":"<!-- This site is optimized with the Yoast SEO plugin v22.7 - https:\/\/yoast.com\/wordpress\/plugins\/seo\/ -->\n<title>Vela Neem Alergoshop - Loja Abbaa<\/title>\n<meta name=\"robots\" content=\"index, follow, max-snippet:-1, max-image-preview:large, max-video-preview:-1\" \/>\n<link rel=\"canonical\" href=\"https:\/\/brasilsemalergia.com.br\/loja_abbaa\/cuidados-no-lazer\/contra-os-insetos\/vela-neem-alergoshop\/\" \/>\n<meta property=\"og:locale\" content=\"pt_BR\" \/>\n<meta property=\"og:type\" content=\"article\" \/>\n<meta property=\"og:title\" content=\"Vela Neem Alergoshop - Loja Abbaa\" \/>\n<meta property=\"og:description\" content=\"Repelente Gold Spray\u00a0110mL. Repele o transmissor da febre amarela urbana. \u2022 Vegano   \u2022 Cruelty Free\" \/>\n<meta property=\"og:url\" content=\"https:\/\/brasilsemalergia.com.br\/loja_abbaa\/cuidados-no-lazer\/contra-os-insetos\/vela-neem-alergoshop\/\" \/>\n<meta property=\"og:site_name\" content=\"Loja Abbaa\" \/>\n<meta property=\"article:modified_time\" content=\"2023-09-04T11:32:40+00:00\" \/>\n<meta property=\"og:image\" content=\"https:\/\/brasilsemalergia.com.br\/loja_abbaa\/wp-content\/uploads\/2023\/05\/vela1.jpeg\" \/>\n\t<meta property=\"og:image:width\" content=\"300\" \/>\n\t<meta property=\"og:image:height\" content=\"300\" \/>\n\t<meta property=\"og:image:type\" content=\"image\/jpeg\" \/>\n<meta name=\"twitter:card\" content=\"summary_large_image\" \/>\n<meta name=\"twitter:label1\" content=\"Est. tempo de leitura\" \/>\n\t<meta name=\"twitter:data1\" content=\"2 minutos\" \/>\n<script type=\"application\/ld+json\" class=\"yoast-schema-graph\">{\"@context\":\"https:\/\/schema.org\",\"@graph\":[{\"@type\":\"WebPage\",\"@id\":\"https:\/\/brasilsemalergia.com.br\/loja_abbaa\/cuidados-no-lazer\/contra-os-insetos\/vela-neem-alergoshop\/\",\"url\":\"https:\/\/brasilsemalergia.com.br\/loja_abbaa\/cuidados-no-lazer\/contra-os-insetos\/vela-neem-alergoshop\/\",\"name\":\"Vela Neem Alergoshop - Loja Abbaa\",\"isPartOf\":{\"@id\":\"https:\/\/brasilsemalergia.com.br\/loja_abbaa\/#website\"},\"primaryImageOfPage\":{\"@id\":\"https:\/\/brasilsemalergia.com.br\/loja_abbaa\/cuidados-no-lazer\/contra-os-insetos\/vela-neem-alergoshop\/#primaryimage\"},\"image\":{\"@id\":\"https:\/\/brasilsemalergia.com.br\/loja_abbaa\/cuidados-no-lazer\/contra-os-insetos\/vela-neem-alergoshop\/#primaryimage\"},\"thumbnailUrl\":\"https:\/\/brasilsemalergia.com.br\/loja_abbaa\/wp-content\/uploads\/2023\/05\/vela1.jpeg\",\"datePublished\":\"2023-05-13T12:53:59+00:00\",\"dateModified\":\"2023-09-04T11:32:40+00:00\",\"breadcrumb\":{\"@id\":\"https:\/\/brasilsemalergia.com.br\/loja_abbaa\/cuidados-no-lazer\/contra-os-insetos\/vela-neem-alergoshop\/#breadcrumb\"},\"inLanguage\":\"pt-BR\",\"potentialAction\":[{\"@type\":\"ReadAction\",\"target\":[\"https:\/\/brasilsemalergia.com.br\/loja_abbaa\/cuidados-no-lazer\/contra-os-insetos\/vela-neem-alergoshop\/\"]}]},{\"@type\":\"ImageObject\",\"inLanguage\":\"pt-BR\",\"@id\":\"https:\/\/brasilsemalergia.com.br\/loja_abbaa\/cuidados-no-lazer\/contra-os-insetos\/vela-neem-alergoshop\/#primaryimage\",\"url\":\"https:\/\/brasilsemalergia.com.br\/loja_abbaa\/wp-content\/uploads\/2023\/05\/vela1.jpeg\",\"contentUrl\":\"https:\/\/brasilsemalergia.com.br\/loja_abbaa\/wp-content\/uploads\/2023\/05\/vela1.jpeg\",\"width\":300,\"height\":300,\"caption\":\"Vela Neem Alergoshop\"},{\"@type\":\"BreadcrumbList\",\"@id\":\"https:\/\/brasilsemalergia.com.br\/loja_abbaa\/cuidados-no-lazer\/contra-os-insetos\/vela-neem-alergoshop\/#breadcrumb\",\"itemListElement\":[{\"@type\":\"ListItem\",\"position\":1,\"name\":\"In\u00edcio\",\"item\":\"https:\/\/brasilsemalergia.com.br\/loja_abbaa\/\"},{\"@type\":\"ListItem\",\"position\":2,\"name\":\"Loja\",\"item\":\"https:\/\/brasilsemalergia.com.br\/loja_abbaa\/\"},{\"@type\":\"ListItem\",\"position\":3,\"name\":\"Vela Neem Alergoshop\"}]},{\"@type\":\"WebSite\",\"@id\":\"https:\/\/brasilsemalergia.com.br\/loja_abbaa\/#website\",\"url\":\"https:\/\/brasilsemalergia.com.br\/loja_abbaa\/\",\"name\":\"Loja Abbaa\",\"description\":\"\",\"publisher\":{\"@id\":\"https:\/\/brasilsemalergia.com.br\/loja_abbaa\/#organization\"},\"potentialAction\":[{\"@type\":\"SearchAction\",\"target\":{\"@type\":\"EntryPoint\",\"urlTemplate\":\"https:\/\/brasilsemalergia.com.br\/loja_abbaa\/?s={search_term_string}\"},\"query-input\":\"required name=search_term_string\"}],\"inLanguage\":\"pt-BR\"},{\"@type\":\"Organization\",\"@id\":\"https:\/\/brasilsemalergia.com.br\/loja_abbaa\/#organization\",\"name\":\"Loja Abbaa\",\"url\":\"https:\/\/brasilsemalergia.com.br\/loja_abbaa\/\",\"logo\":{\"@type\":\"ImageObject\",\"inLanguage\":\"pt-BR\",\"@id\":\"https:\/\/brasilsemalergia.com.br\/loja_abbaa\/#\/schema\/logo\/image\/\",\"url\":\"https:\/\/brasilsemalergia.com.br\/loja_abbaa\/wp-content\/uploads\/2023\/03\/logo-hor-site.png\",\"contentUrl\":\"https:\/\/brasilsemalergia.com.br\/loja_abbaa\/wp-content\/uploads\/2023\/03\/logo-hor-site.png\",\"width\":440,\"height\":120,\"caption\":\"Loja Abbaa\"},\"image\":{\"@id\":\"https:\/\/brasilsemalergia.com.br\/loja_abbaa\/#\/schema\/logo\/image\/\"}}]}<\/script>\n<!-- \/ Yoast SEO plugin. -->","yoast_head_json":{"title":"Vela Neem Alergoshop - Loja Abbaa","robots":{"index":"index","follow":"follow","max-snippet":"max-snippet:-1","max-image-preview":"max-image-preview:large","max-video-preview":"max-video-preview:-1"},"canonical":"https:\/\/brasilsemalergia.com.br\/loja_abbaa\/cuidados-no-lazer\/contra-os-insetos\/vela-neem-alergoshop\/","og_locale":"pt_BR","og_type":"article","og_title":"Vela Neem Alergoshop - Loja Abbaa","og_description":"Repelente Gold Spray\u00a0110mL. Repele o transmissor da febre amarela urbana. \u2022 Vegano   \u2022 Cruelty Free","og_url":"https:\/\/brasilsemalergia.com.br\/loja_abbaa\/cuidados-no-lazer\/contra-os-insetos\/vela-neem-alergoshop\/","og_site_name":"Loja Abbaa","article_modified_time":"2023-09-04T11:32:40+00:00","og_image":[{"width":300,"height":300,"url":"https:\/\/brasilsemalergia.com.br\/loja_abbaa\/wp-content\/uploads\/2023\/05\/vela1.jpeg","type":"image\/jpeg"}],"twitter_card":"summary_large_image","twitter_misc":{"Est. tempo de leitura":"2 minutos"},"schema":{"@context":"https:\/\/schema.org","@graph":[{"@type":"WebPage","@id":"https:\/\/brasilsemalergia.com.br\/loja_abbaa\/cuidados-no-lazer\/contra-os-insetos\/vela-neem-alergoshop\/","url":"https:\/\/brasilsemalergia.com.br\/loja_abbaa\/cuidados-no-lazer\/contra-os-insetos\/vela-neem-alergoshop\/","name":"Vela Neem Alergoshop - Loja Abbaa","isPartOf":{"@id":"https:\/\/brasilsemalergia.com.br\/loja_abbaa\/#website"},"primaryImageOfPage":{"@id":"https:\/\/brasilsemalergia.com.br\/loja_abbaa\/cuidados-no-lazer\/contra-os-insetos\/vela-neem-alergoshop\/#primaryimage"},"image":{"@id":"https:\/\/brasilsemalergia.com.br\/loja_abbaa\/cuidados-no-lazer\/contra-os-insetos\/vela-neem-alergoshop\/#primaryimage"},"thumbnailUrl":"https:\/\/brasilsemalergia.com.br\/loja_abbaa\/wp-content\/uploads\/2023\/05\/vela1.jpeg","datePublished":"2023-05-13T12:53:59+00:00","dateModified":"2023-09-04T11:32:40+00:00","breadcrumb":{"@id":"https:\/\/brasilsemalergia.com.br\/loja_abbaa\/cuidados-no-lazer\/contra-os-insetos\/vela-neem-alergoshop\/#breadcrumb"},"inLanguage":"pt-BR","potentialAction":[{"@type":"ReadAction","target":["https:\/\/brasilsemalergia.com.br\/loja_abbaa\/cuidados-no-lazer\/contra-os-insetos\/vela-neem-alergoshop\/"]}]},{"@type":"ImageObject","inLanguage":"pt-BR","@id":"https:\/\/brasilsemalergia.com.br\/loja_abbaa\/cuidados-no-lazer\/contra-os-insetos\/vela-neem-alergoshop\/#primaryimage","url":"https:\/\/brasilsemalergia.com.br\/loja_abbaa\/wp-content\/uploads\/2023\/05\/vela1.jpeg","contentUrl":"https:\/\/brasilsemalergia.com.br\/loja_abbaa\/wp-content\/uploads\/2023\/05\/vela1.jpeg","width":300,"height":300,"caption":"Vela Neem Alergoshop"},{"@type":"BreadcrumbList","@id":"https:\/\/brasilsemalergia.com.br\/loja_abbaa\/cuidados-no-lazer\/contra-os-insetos\/vela-neem-alergoshop\/#breadcrumb","itemListElement":[{"@type":"ListItem","position":1,"name":"In\u00edcio","item":"https:\/\/brasilsemalergia.com.br\/loja_abbaa\/"},{"@type":"ListItem","position":2,"name":"Loja","item":"https:\/\/brasilsemalergia.com.br\/loja_abbaa\/"},{"@type":"ListItem","position":3,"name":"Vela Neem Alergoshop"}]},{"@type":"WebSite","@id":"https:\/\/brasilsemalergia.com.br\/loja_abbaa\/#website","url":"https:\/\/brasilsemalergia.com.br\/loja_abbaa\/","name":"Loja Abbaa","description":"","publisher":{"@id":"https:\/\/brasilsemalergia.com.br\/loja_abbaa\/#organization"},"potentialAction":[{"@type":"SearchAction","target":{"@type":"EntryPoint","urlTemplate":"https:\/\/brasilsemalergia.com.br\/loja_abbaa\/?s={search_term_string}"},"query-input":"required name=search_term_string"}],"inLanguage":"pt-BR"},{"@type":"Organization","@id":"https:\/\/brasilsemalergia.com.br\/loja_abbaa\/#organization","name":"Loja Abbaa","url":"https:\/\/brasilsemalergia.com.br\/loja_abbaa\/","logo":{"@type":"ImageObject","inLanguage":"pt-BR","@id":"https:\/\/brasilsemalergia.com.br\/loja_abbaa\/#\/schema\/logo\/image\/","url":"https:\/\/brasilsemalergia.com.br\/loja_abbaa\/wp-content\/uploads\/2023\/03\/logo-hor-site.png","contentUrl":"https:\/\/brasilsemalergia.com.br\/loja_abbaa\/wp-content\/uploads\/2023\/03\/logo-hor-site.png","width":440,"height":120,"caption":"Loja Abbaa"},"image":{"@id":"https:\/\/brasilsemalergia.com.br\/loja_abbaa\/#\/schema\/logo\/image\/"}}]}},"_links":{"self":[{"href":"https:\/\/brasilsemalergia.com.br\/loja_abbaa\/wp-json\/wp\/v2\/product\/14482","targetHints":{"allow":["GET"]}}],"collection":[{"href":"https:\/\/brasilsemalergia.com.br\/loja_abbaa\/wp-json\/wp\/v2\/product"}],"about":[{"href":"https:\/\/brasilsemalergia.com.br\/loja_abbaa\/wp-json\/wp\/v2\/types\/product"}],"replies":[{"embeddable":true,"href":"https:\/\/brasilsemalergia.com.br\/loja_abbaa\/wp-json\/wp\/v2\/comments?post=14482"}],"version-history":[{"count":0,"href":"https:\/\/brasilsemalergia.com.br\/loja_abbaa\/wp-json\/wp\/v2\/product\/14482\/revisions"}],"wp:featuredmedia":[{"embeddable":true,"href":"https:\/\/brasilsemalergia.com.br\/loja_abbaa\/wp-json\/wp\/v2\/media\/14483"}],"wp:attachment":[{"href":"https:\/\/brasilsemalergia.com.br\/loja_abbaa\/wp-json\/wp\/v2\/media?parent=14482"}],"wp:term":[{"taxonomy":"product_cat","embeddable":true,"href":"https:\/\/brasilsemalergia.com.br\/loja_abbaa\/wp-json\/wp\/v2\/product_cat?post=14482"},{"taxonomy":"product_tag","embeddable":true,"href":"https:\/\/brasilsemalergia.com.br\/loja_abbaa\/wp-json\/wp\/v2\/product_tag?post=14482"}],"curies":[{"name":"wp","href":"https:\/\/api.w.org\/{rel}","templated":true}]}}