{"id":14596,"date":"2023-06-29T12:36:13","date_gmt":"2023-06-29T15:36:13","guid":{"rendered":"https:\/\/brasilsemalergia.com.br\/loja_abbaa\/?post_type=product&#038;p=14596"},"modified":"2023-09-04T08:25:51","modified_gmt":"2023-09-04T11:25:51","slug":"kit-dermatite-maquiagem","status":"publish","type":"product","link":"https:\/\/brasilsemalergia.com.br\/loja_abbaa\/kits-alergico\/kit-dermatite-maquiagem\/","title":{"rendered":"KIT DERMATITE MAQUIAGEM"},"content":{"rendered":"<h2>Batom Cremoso Hipoalerg\u00eanico Eclat<\/h2>\n<p><strong><em>\u00a0<\/em><\/strong><\/p>\n<p><a href=\"https:\/\/alergoshop.com.br\/cosmeticos-e-tratamento\/higiene-pessoal\/155-sabonete-liquido-hipoalergenico-uso-diario-alergoshop\"><strong>Benef\u00edcios<\/strong><\/a><\/p>\n<p>&nbsp;<\/p>\n<p>O<strong>\u00a0Batom Hidratante Eclat<\/strong>\u00a0da Alergoshop \u00e9 hipoalerg\u00eanico e dermatologicamente testado. Confere uma agrad\u00e1vel sensa\u00e7\u00e3o de emoli\u00eancia e prote\u00e7\u00e3o \u00e0 pele. Com uma textura cremosa, real\u00e7a, valoriza e harmoniza o formato dos l\u00e1bios com cobertura de alta durabilidade. Possui componentes que garantem seguran\u00e7a no uso di\u00e1rio sem ressecar, descascar ou promover outros desconfortos aos l\u00e1bios ocasionados por alergias.<\/p>\n<p><strong>IMPORTANTE:<\/strong><em>Devido \u00e0 calibra\u00e7\u00e3o dos diversos modelos de monitores, informamos que as cores dos produtos podem variar um pouco da imagem exposta na tela. Desta forma, as fotos s\u00e3o ilustrativas.<\/em><\/p>\n<p>Livre de 105 subst\u00e2ncias potencialmente alerg\u00eanicas e nocivas<\/p>\n<p>&nbsp;<\/p>\n<p>&nbsp;<\/p>\n<p><a href=\"https:\/\/alergoshop.com.br\/cosmeticos-e-tratamento\/higiene-pessoal\/155-sabonete-liquido-hipoalergenico-uso-diario-alergoshop\"><strong>Caracter\u00edsticas<\/strong><\/a><\/p>\n<p>&nbsp;<\/p>\n<ul>\n<li>Hipoalerg\u00eanico;<\/li>\n<li>Vitamina E;<\/li>\n<li>Cont\u00e9m antioxidantes naturais que previnem o envelhecimento precoce;<\/li>\n<li>Combate o ressecamento;<\/li>\n<li>Ativos que protegem os l\u00e1bios da radia\u00e7\u00e3o solar;<\/li>\n<li>Livre de 105 subst\u00e2ncias alerg\u00eanicas e nocivas.<\/li>\n<li>Quantidade de metais pesados insignificante em rela\u00e7\u00e3o ao m\u00e1ximo permitido pela ANVISA.<\/li>\n<\/ul>\n<p>&nbsp;<\/p>\n<p>&nbsp;<\/p>\n<p><a href=\"https:\/\/alergoshop.com.br\/cosmeticos-e-tratamento\/higiene-pessoal\/155-sabonete-liquido-hipoalergenico-uso-diario-alergoshop\"><strong>Modo de Usar<\/strong><\/a><\/p>\n<p><strong>\u00a0<\/strong><\/p>\n<p>Aplique sobre os l\u00e1bios e sorria!<\/p>\n<p>&nbsp;<\/p>\n<p><a href=\"https:\/\/alergoshop.com.br\/cosmeticos-e-tratamento\/higiene-pessoal\/155-sabonete-liquido-hipoalergenico-uso-diario-alergoshop\"><strong>Composi\u00e7\u00f5es<\/strong><\/a><\/p>\n<p>&nbsp;<\/p>\n<p>CERA ALBA, COPERNICIA CERIFERA (CARNAUBA) WAX, EUPHORBIA CERIFERA (CANDELLILA) WAX, OZOKERITE, BIS-DIGLYCERYL POLYACYLADIPATE-2, ISOPROPYL PALMITATE, GLYCERYL ABIETATE, PHENOXYETHANOL\/ CAPRYLYL GLYCOL, PENTAERITHRITYL TETRA DI \u2013 T \u2013 BUTYL HIDROXYHIDROCINNAMATE, PARFUM, TOCOPHERYL ACETATE, RICINUS COMMUNIS (CASTOR) SEED OIL. PODE CONTER: CI 77492, CI 77480, CI 15850, CI 77019, CI 77891, CI 77499, CI 15510, CI 45410 CI 42090, CI 45430, CI 19140, CI 77007, CI 77491<\/p>\n<p>&nbsp;<\/p>\n<h2>R\u00edmel Hipoalerg\u00eanico Eclat Alergoshop<\/h2>\n<p><strong><em>\u00a0<\/em><\/strong><\/p>\n<p><a href=\"https:\/\/alergoshop.com.br\/cosmeticos-e-tratamento\/higiene-pessoal\/155-sabonete-liquido-hipoalergenico-uso-diario-alergoshop\"><strong>Benef\u00edcios<\/strong><\/a><\/p>\n<p>&nbsp;<\/p>\n<p>O\u00a0<strong>R\u00edmel Eclat da Alergoshop<\/strong>\u00a0apresenta uma f\u00f3rmula suave e eficaz que confere prote\u00e7\u00e3o aos c\u00edlios, cobertura individual uniforme, cor intensa e volume com uma curvatura acentuada e duradoura. Seu aplicador de silicone facilita a aplica\u00e7\u00e3o proporcionando c\u00edlios bem definidos, penteados e volumosos.<\/p>\n<p><strong>IMPORTANTE:\u00a0<\/strong><em>Devido \u00e0 calibra\u00e7\u00e3o dos diversos modelos de monitores, informamos que as cores dos produtos podem variar um pouco da imagem exposta na tela. Desta forma, as fotos s\u00e3o ilustrativas.<\/em><\/p>\n<p>Livre de parabenos.<\/p>\n<p>&nbsp;<\/p>\n<p><a href=\"https:\/\/alergoshop.com.br\/cosmeticos-e-tratamento\/higiene-pessoal\/155-sabonete-liquido-hipoalergenico-uso-diario-alergoshop\"><strong>Caracter\u00edsticas<\/strong><\/a><\/p>\n<p>&nbsp;<\/p>\n<ul>\n<li>Hipoalerg\u00eanico<\/li>\n<li>Cera de abelha e carna\u00faba<\/li>\n<li>Pincel anat\u00f4mico<\/li>\n<li>Livre de parabenos.\u2022 Aplicador anat\u00f4mico para c\u00edlios superiores e inferiores\u2022\u00a0Livre de 95 subst\u00e2ncias alerg\u00eanicas ou nocivas.<\/li>\n<\/ul>\n<p>&nbsp;<\/p>\n<p>&nbsp;<\/p>\n<p><a href=\"https:\/\/alergoshop.com.br\/cosmeticos-e-tratamento\/higiene-pessoal\/155-sabonete-liquido-hipoalergenico-uso-diario-alergoshop\"><strong>Modo de Usar<\/strong><\/a><\/p>\n<p><strong>\u00a0<\/strong><\/p>\n<p>Aplique sobre os c\u00edlios para alongar e dar volume.<\/p>\n<p>&nbsp;<\/p>\n<p><a href=\"https:\/\/alergoshop.com.br\/cosmeticos-e-tratamento\/higiene-pessoal\/155-sabonete-liquido-hipoalergenico-uso-diario-alergoshop\"><strong>Composi\u00e7\u00f5es<\/strong><\/a><\/p>\n<p>&nbsp;<\/p>\n<p>AQUA, HYDROXYETHYLCELLULOSE, PVP, TRIETHANOLAMINE, DISODIUM EDTA, CI 77499, PROPYLENE GLYCOL, COPERNICIA CERIFERA CERA, CERA ALBA, GLYCERYL STEARATE, STEARIC ACID, VP\/EICOSENE COPOLYMER, BHT, CETEARETH-20, CYCLOMETHICONE, ACRYLATES COPOLYMER, DEHYDROACETIC ACID (and) BENZYL ALCOHOL<\/p>\n<p>&nbsp;<\/p>\n<h2>\u00c1gua Micelar Tonificante Eternity<\/h2>\n<p><strong><em>\u00a0<\/em><\/strong><\/p>\n<p><a href=\"https:\/\/alergoshop.com.br\/cosmeticos-e-tratamento\/higiene-pessoal\/155-sabonete-liquido-hipoalergenico-uso-diario-alergoshop\"><strong>Benef\u00edcios<\/strong><\/a><\/p>\n<p>&nbsp;<\/p>\n<p>A \u00c1gua Micelar Tonificante Eternity Alergoshop tem em sua composi\u00e7\u00e3o um tensoativo anfot\u00e9rico suave e de baixa irritabilidade, formador de micelas que atuam como im\u00e3s: atraem part\u00edculas de impurezas, res\u00edduos de oleosidade, e maquiagem, o que resulta numa pele saud\u00e1vel e equilibrada. Al\u00e9m de auxiliar na limpeza, confere melhor condicionamento e prote\u00e7\u00e3o \u00e0 pele.<em>forma, as fotos s\u00e3o ilustrativas.<\/em><\/p>\n<p>&nbsp;<\/p>\n<p><a href=\"https:\/\/alergoshop.com.br\/cosmeticos-e-tratamento\/higiene-pessoal\/155-sabonete-liquido-hipoalergenico-uso-diario-alergoshop\"><strong>Caracter\u00edsticas<\/strong><\/a><\/p>\n<p>&nbsp;<\/p>\n<p>Desenvolvida com:<br \/>\n&#8211; Extrato de Cal\u00eandula: a\u00e7\u00e3o tonificante.<br \/>\n&#8211; D-Pantenol: \u00e9 um poderoso regenerador cut\u00e2neo de r\u00e1pida absor\u00e7\u00e3o.<br \/>\n&#8211; \u00c1cido Hialur\u00f4nico: \u00e9 normalmente encontrado na pele, e auxilia na capacidade de reten\u00e7\u00e3o de \u00e1gua e melhora a apar\u00eancia da pele restaurando a elasticidade.<br \/>\n&#8211; Glicirrizinato Dipot\u00e1ssio: \u00e9 um derivado do Alca\u00e7uz com propriedade calmante, anti-inflamat\u00f3ria e cicatrizante.<br \/>\n&#8211; Olivem 300\u00ae: \u00e9 derivado da oliva, com composi\u00e7\u00e3o similar \u00e0 da pele e alta concentra\u00e7\u00e3o de \u00e1cidos graxos de origem natural, que proporcionam \u00f3tima compatibilidade d\u00e9rmica, auxiliando na hidrata\u00e7\u00e3o.<\/p>\n<p>&nbsp;<\/p>\n<p><a href=\"https:\/\/alergoshop.com.br\/cosmeticos-e-tratamento\/higiene-pessoal\/155-sabonete-liquido-hipoalergenico-uso-diario-alergoshop\"><strong>Modo de Usar<\/strong><\/a><\/p>\n<p><strong>\u00a0<\/strong><\/p>\n<p>Ap\u00f3s remover a maquiagem com o Demaquilante Hidratante Eclat, lavar o rosto com o Sabonete Facial Eternity e finalizar com a \u00c1gua Micelar Tonificante Eternity por todo o rosto com o aux\u00edlio de um algod\u00e3o. N\u00e3o enxaguar.<\/p>\n<p>&nbsp;<\/p>\n<p><a href=\"https:\/\/alergoshop.com.br\/cosmeticos-e-tratamento\/higiene-pessoal\/155-sabonete-liquido-hipoalergenico-uso-diario-alergoshop\"><strong>Composi\u00e7\u00f5es<\/strong><\/a><\/p>\n<p>&nbsp;<\/p>\n<p>Aqua, Disodium EDTA, Calendula (Calendula Officinalis) Flower Extract, Methyl Gluceth-20, Phenoxyethanol, Caprylyl Glycol, Propanediol, Hexylene Glycol, Sodium Cocoamphoacetate, Olive Oil PEG-7 Esters, Panthenol, Sodium Hyaluronate, Dipotassium Glycyrrhizinate, Citric Acid.<\/p>\n","protected":false},"excerpt":{"rendered":"<p>O Kit \u00e9 composto por: \u00c1gua Micelar Tonificante, R\u00edmel Hipoalerg\u00eanico Eclat e\u00a0Batom Hipoalerg\u00eanico Eclat<\/p>\n","protected":false},"featured_media":14600,"comment_status":"open","ping_status":"closed","template":"","meta":[],"product_cat":[15,103],"product_tag":[],"class_list":{"0":"post-14596","1":"product","2":"type-product","3":"status-publish","4":"has-post-thumbnail","6":"product_cat-geral","7":"product_cat-kits-alergico","9":"first","10":"instock","11":"sale","12":"featured","13":"shipping-taxable","14":"purchasable","15":"product-type-simple"},"yoast_head":"<!-- This site is optimized with the Yoast SEO plugin v22.7 - https:\/\/yoast.com\/wordpress\/plugins\/seo\/ -->\n<title>KIT DERMATITE MAQUIAGEM - Loja Abbaa<\/title>\n<meta name=\"robots\" content=\"index, follow, max-snippet:-1, max-image-preview:large, max-video-preview:-1\" \/>\n<link rel=\"canonical\" href=\"https:\/\/brasilsemalergia.com.br\/loja_abbaa\/kits-alergico\/kit-dermatite-maquiagem\/\" \/>\n<meta property=\"og:locale\" content=\"pt_BR\" \/>\n<meta property=\"og:type\" content=\"article\" \/>\n<meta property=\"og:title\" content=\"KIT DERMATITE MAQUIAGEM - Loja Abbaa\" \/>\n<meta property=\"og:description\" content=\"O Kit \u00e9 composto por: \u00c1gua Micelar Tonificante, R\u00edmel Hipoalerg\u00eanico Eclat e\u00a0Batom Hipoalerg\u00eanico Eclat\" \/>\n<meta property=\"og:url\" content=\"https:\/\/brasilsemalergia.com.br\/loja_abbaa\/kits-alergico\/kit-dermatite-maquiagem\/\" \/>\n<meta property=\"og:site_name\" content=\"Loja Abbaa\" \/>\n<meta property=\"article:modified_time\" content=\"2023-09-04T11:25:51+00:00\" \/>\n<meta property=\"og:image\" content=\"https:\/\/brasilsemalergia.com.br\/loja_abbaa\/wp-content\/uploads\/2023\/06\/Kit-Maquiagem-fotor-20230629124354.png\" \/>\n\t<meta property=\"og:image:width\" content=\"472\" \/>\n\t<meta property=\"og:image:height\" content=\"481\" \/>\n\t<meta property=\"og:image:type\" content=\"image\/png\" \/>\n<meta name=\"twitter:card\" content=\"summary_large_image\" \/>\n<meta name=\"twitter:label1\" content=\"Est. tempo de leitura\" \/>\n\t<meta name=\"twitter:data1\" content=\"4 minutos\" \/>\n<script type=\"application\/ld+json\" class=\"yoast-schema-graph\">{\"@context\":\"https:\/\/schema.org\",\"@graph\":[{\"@type\":\"WebPage\",\"@id\":\"https:\/\/brasilsemalergia.com.br\/loja_abbaa\/kits-alergico\/kit-dermatite-maquiagem\/\",\"url\":\"https:\/\/brasilsemalergia.com.br\/loja_abbaa\/kits-alergico\/kit-dermatite-maquiagem\/\",\"name\":\"KIT DERMATITE MAQUIAGEM - Loja Abbaa\",\"isPartOf\":{\"@id\":\"https:\/\/brasilsemalergia.com.br\/loja_abbaa\/#website\"},\"primaryImageOfPage\":{\"@id\":\"https:\/\/brasilsemalergia.com.br\/loja_abbaa\/kits-alergico\/kit-dermatite-maquiagem\/#primaryimage\"},\"image\":{\"@id\":\"https:\/\/brasilsemalergia.com.br\/loja_abbaa\/kits-alergico\/kit-dermatite-maquiagem\/#primaryimage\"},\"thumbnailUrl\":\"https:\/\/brasilsemalergia.com.br\/loja_abbaa\/wp-content\/uploads\/2023\/06\/Kit-Maquiagem-fotor-20230629124354.png\",\"datePublished\":\"2023-06-29T15:36:13+00:00\",\"dateModified\":\"2023-09-04T11:25:51+00:00\",\"breadcrumb\":{\"@id\":\"https:\/\/brasilsemalergia.com.br\/loja_abbaa\/kits-alergico\/kit-dermatite-maquiagem\/#breadcrumb\"},\"inLanguage\":\"pt-BR\",\"potentialAction\":[{\"@type\":\"ReadAction\",\"target\":[\"https:\/\/brasilsemalergia.com.br\/loja_abbaa\/kits-alergico\/kit-dermatite-maquiagem\/\"]}]},{\"@type\":\"ImageObject\",\"inLanguage\":\"pt-BR\",\"@id\":\"https:\/\/brasilsemalergia.com.br\/loja_abbaa\/kits-alergico\/kit-dermatite-maquiagem\/#primaryimage\",\"url\":\"https:\/\/brasilsemalergia.com.br\/loja_abbaa\/wp-content\/uploads\/2023\/06\/Kit-Maquiagem-fotor-20230629124354.png\",\"contentUrl\":\"https:\/\/brasilsemalergia.com.br\/loja_abbaa\/wp-content\/uploads\/2023\/06\/Kit-Maquiagem-fotor-20230629124354.png\",\"width\":472,\"height\":481,\"caption\":\"KIT DERMATITE MAQUIAGEM\"},{\"@type\":\"BreadcrumbList\",\"@id\":\"https:\/\/brasilsemalergia.com.br\/loja_abbaa\/kits-alergico\/kit-dermatite-maquiagem\/#breadcrumb\",\"itemListElement\":[{\"@type\":\"ListItem\",\"position\":1,\"name\":\"In\u00edcio\",\"item\":\"https:\/\/brasilsemalergia.com.br\/loja_abbaa\/\"},{\"@type\":\"ListItem\",\"position\":2,\"name\":\"Loja\",\"item\":\"https:\/\/brasilsemalergia.com.br\/loja_abbaa\/\"},{\"@type\":\"ListItem\",\"position\":3,\"name\":\"KIT DERMATITE MAQUIAGEM\"}]},{\"@type\":\"WebSite\",\"@id\":\"https:\/\/brasilsemalergia.com.br\/loja_abbaa\/#website\",\"url\":\"https:\/\/brasilsemalergia.com.br\/loja_abbaa\/\",\"name\":\"Loja Abbaa\",\"description\":\"\",\"publisher\":{\"@id\":\"https:\/\/brasilsemalergia.com.br\/loja_abbaa\/#organization\"},\"potentialAction\":[{\"@type\":\"SearchAction\",\"target\":{\"@type\":\"EntryPoint\",\"urlTemplate\":\"https:\/\/brasilsemalergia.com.br\/loja_abbaa\/?s={search_term_string}\"},\"query-input\":\"required name=search_term_string\"}],\"inLanguage\":\"pt-BR\"},{\"@type\":\"Organization\",\"@id\":\"https:\/\/brasilsemalergia.com.br\/loja_abbaa\/#organization\",\"name\":\"Loja Abbaa\",\"url\":\"https:\/\/brasilsemalergia.com.br\/loja_abbaa\/\",\"logo\":{\"@type\":\"ImageObject\",\"inLanguage\":\"pt-BR\",\"@id\":\"https:\/\/brasilsemalergia.com.br\/loja_abbaa\/#\/schema\/logo\/image\/\",\"url\":\"https:\/\/brasilsemalergia.com.br\/loja_abbaa\/wp-content\/uploads\/2023\/03\/logo-hor-site.png\",\"contentUrl\":\"https:\/\/brasilsemalergia.com.br\/loja_abbaa\/wp-content\/uploads\/2023\/03\/logo-hor-site.png\",\"width\":440,\"height\":120,\"caption\":\"Loja Abbaa\"},\"image\":{\"@id\":\"https:\/\/brasilsemalergia.com.br\/loja_abbaa\/#\/schema\/logo\/image\/\"}}]}<\/script>\n<!-- \/ Yoast SEO plugin. -->","yoast_head_json":{"title":"KIT DERMATITE MAQUIAGEM - Loja Abbaa","robots":{"index":"index","follow":"follow","max-snippet":"max-snippet:-1","max-image-preview":"max-image-preview:large","max-video-preview":"max-video-preview:-1"},"canonical":"https:\/\/brasilsemalergia.com.br\/loja_abbaa\/kits-alergico\/kit-dermatite-maquiagem\/","og_locale":"pt_BR","og_type":"article","og_title":"KIT DERMATITE MAQUIAGEM - Loja Abbaa","og_description":"O Kit \u00e9 composto por: \u00c1gua Micelar Tonificante, R\u00edmel Hipoalerg\u00eanico Eclat e\u00a0Batom Hipoalerg\u00eanico Eclat","og_url":"https:\/\/brasilsemalergia.com.br\/loja_abbaa\/kits-alergico\/kit-dermatite-maquiagem\/","og_site_name":"Loja Abbaa","article_modified_time":"2023-09-04T11:25:51+00:00","og_image":[{"width":472,"height":481,"url":"https:\/\/brasilsemalergia.com.br\/loja_abbaa\/wp-content\/uploads\/2023\/06\/Kit-Maquiagem-fotor-20230629124354.png","type":"image\/png"}],"twitter_card":"summary_large_image","twitter_misc":{"Est. tempo de leitura":"4 minutos"},"schema":{"@context":"https:\/\/schema.org","@graph":[{"@type":"WebPage","@id":"https:\/\/brasilsemalergia.com.br\/loja_abbaa\/kits-alergico\/kit-dermatite-maquiagem\/","url":"https:\/\/brasilsemalergia.com.br\/loja_abbaa\/kits-alergico\/kit-dermatite-maquiagem\/","name":"KIT DERMATITE MAQUIAGEM - Loja Abbaa","isPartOf":{"@id":"https:\/\/brasilsemalergia.com.br\/loja_abbaa\/#website"},"primaryImageOfPage":{"@id":"https:\/\/brasilsemalergia.com.br\/loja_abbaa\/kits-alergico\/kit-dermatite-maquiagem\/#primaryimage"},"image":{"@id":"https:\/\/brasilsemalergia.com.br\/loja_abbaa\/kits-alergico\/kit-dermatite-maquiagem\/#primaryimage"},"thumbnailUrl":"https:\/\/brasilsemalergia.com.br\/loja_abbaa\/wp-content\/uploads\/2023\/06\/Kit-Maquiagem-fotor-20230629124354.png","datePublished":"2023-06-29T15:36:13+00:00","dateModified":"2023-09-04T11:25:51+00:00","breadcrumb":{"@id":"https:\/\/brasilsemalergia.com.br\/loja_abbaa\/kits-alergico\/kit-dermatite-maquiagem\/#breadcrumb"},"inLanguage":"pt-BR","potentialAction":[{"@type":"ReadAction","target":["https:\/\/brasilsemalergia.com.br\/loja_abbaa\/kits-alergico\/kit-dermatite-maquiagem\/"]}]},{"@type":"ImageObject","inLanguage":"pt-BR","@id":"https:\/\/brasilsemalergia.com.br\/loja_abbaa\/kits-alergico\/kit-dermatite-maquiagem\/#primaryimage","url":"https:\/\/brasilsemalergia.com.br\/loja_abbaa\/wp-content\/uploads\/2023\/06\/Kit-Maquiagem-fotor-20230629124354.png","contentUrl":"https:\/\/brasilsemalergia.com.br\/loja_abbaa\/wp-content\/uploads\/2023\/06\/Kit-Maquiagem-fotor-20230629124354.png","width":472,"height":481,"caption":"KIT DERMATITE MAQUIAGEM"},{"@type":"BreadcrumbList","@id":"https:\/\/brasilsemalergia.com.br\/loja_abbaa\/kits-alergico\/kit-dermatite-maquiagem\/#breadcrumb","itemListElement":[{"@type":"ListItem","position":1,"name":"In\u00edcio","item":"https:\/\/brasilsemalergia.com.br\/loja_abbaa\/"},{"@type":"ListItem","position":2,"name":"Loja","item":"https:\/\/brasilsemalergia.com.br\/loja_abbaa\/"},{"@type":"ListItem","position":3,"name":"KIT DERMATITE MAQUIAGEM"}]},{"@type":"WebSite","@id":"https:\/\/brasilsemalergia.com.br\/loja_abbaa\/#website","url":"https:\/\/brasilsemalergia.com.br\/loja_abbaa\/","name":"Loja Abbaa","description":"","publisher":{"@id":"https:\/\/brasilsemalergia.com.br\/loja_abbaa\/#organization"},"potentialAction":[{"@type":"SearchAction","target":{"@type":"EntryPoint","urlTemplate":"https:\/\/brasilsemalergia.com.br\/loja_abbaa\/?s={search_term_string}"},"query-input":"required name=search_term_string"}],"inLanguage":"pt-BR"},{"@type":"Organization","@id":"https:\/\/brasilsemalergia.com.br\/loja_abbaa\/#organization","name":"Loja Abbaa","url":"https:\/\/brasilsemalergia.com.br\/loja_abbaa\/","logo":{"@type":"ImageObject","inLanguage":"pt-BR","@id":"https:\/\/brasilsemalergia.com.br\/loja_abbaa\/#\/schema\/logo\/image\/","url":"https:\/\/brasilsemalergia.com.br\/loja_abbaa\/wp-content\/uploads\/2023\/03\/logo-hor-site.png","contentUrl":"https:\/\/brasilsemalergia.com.br\/loja_abbaa\/wp-content\/uploads\/2023\/03\/logo-hor-site.png","width":440,"height":120,"caption":"Loja Abbaa"},"image":{"@id":"https:\/\/brasilsemalergia.com.br\/loja_abbaa\/#\/schema\/logo\/image\/"}}]}},"_links":{"self":[{"href":"https:\/\/brasilsemalergia.com.br\/loja_abbaa\/wp-json\/wp\/v2\/product\/14596","targetHints":{"allow":["GET"]}}],"collection":[{"href":"https:\/\/brasilsemalergia.com.br\/loja_abbaa\/wp-json\/wp\/v2\/product"}],"about":[{"href":"https:\/\/brasilsemalergia.com.br\/loja_abbaa\/wp-json\/wp\/v2\/types\/product"}],"replies":[{"embeddable":true,"href":"https:\/\/brasilsemalergia.com.br\/loja_abbaa\/wp-json\/wp\/v2\/comments?post=14596"}],"version-history":[{"count":0,"href":"https:\/\/brasilsemalergia.com.br\/loja_abbaa\/wp-json\/wp\/v2\/product\/14596\/revisions"}],"wp:featuredmedia":[{"embeddable":true,"href":"https:\/\/brasilsemalergia.com.br\/loja_abbaa\/wp-json\/wp\/v2\/media\/14600"}],"wp:attachment":[{"href":"https:\/\/brasilsemalergia.com.br\/loja_abbaa\/wp-json\/wp\/v2\/media?parent=14596"}],"wp:term":[{"taxonomy":"product_cat","embeddable":true,"href":"https:\/\/brasilsemalergia.com.br\/loja_abbaa\/wp-json\/wp\/v2\/product_cat?post=14596"},{"taxonomy":"product_tag","embeddable":true,"href":"https:\/\/brasilsemalergia.com.br\/loja_abbaa\/wp-json\/wp\/v2\/product_tag?post=14596"}],"curies":[{"name":"wp","href":"https:\/\/api.w.org\/{rel}","templated":true}]}}